CRAN Package Check Results for Package dtwSat

Last updated on 2022-12-05 11:51:37 CET.

Flavor Version Tinstall Tcheck Ttotal Status Flags
r-devel-linux-x86_64-debian-clang 0.2.8 58.86 571.76 630.62 OK
r-devel-linux-x86_64-debian-gcc 0.2.8 48.03 421.45 469.48 OK
r-devel-linux-x86_64-fedora-clang 0.2.8 828.77 NOTE
r-devel-linux-x86_64-fedora-gcc 0.2.8 782.87 OK
r-devel-windows-x86_64 0.2.8 127.00 425.00 552.00 NOTE --no-vignettes
r-patched-linux-x86_64 0.2.8 42.40 542.01 584.41 OK
r-release-linux-x86_64 0.2.8 42.49 536.92 579.41 OK
r-release-macos-arm64 0.2.8 183.00 NOTE
r-release-macos-x86_64 0.2.8 227.00 NOTE
r-release-windows-x86_64 0.2.8 121.00 426.00 547.00 NOTE --no-vignettes
r-oldrel-macos-arm64 0.2.8 182.00 NOTE
r-oldrel-macos-x86_64 0.2.8 229.00 NOTE
r-oldrel-windows-ix86+x86_64 0.2.8 126.00 627.00 753.00 NOTE --no-vignettes

Check Details

Version: 0.2.8
Check: installed package size
Result: NOTE
     installed size is 5.2Mb
     sub-directories of 1Mb or more:
     lucc_MT 3.1Mb
Flavors: r-devel-linux-x86_64-fedora-clang, r-release-macos-arm64, r-release-macos-x86_64, r-oldrel-macos-arm64, r-oldrel-macos-x86_64

Version: 0.2.8
Flags: --no-vignettes
Check: installed package size
Result: NOTE
     installed size is 5.2Mb
     sub-directories of 1Mb or more:
     lucc_MT 3.0Mb
Flavors: r-devel-windows-x86_64, r-release-windows-x86_64, r-oldrel-windows-ix86+x86_64