CRAN Package Check Results for Package dtwclust

Last updated on 2022-12-04 03:54:03 CET.

Flavor Version Tinstall Tcheck Ttotal Status Flags
r-devel-linux-x86_64-debian-clang 5.5.11 165.99 424.83 590.82 NOTE
r-devel-linux-x86_64-debian-gcc 5.5.11 137.90 315.58 453.48 NOTE
r-devel-linux-x86_64-fedora-clang 5.5.11 818.02 NOTE
r-devel-linux-x86_64-fedora-gcc 5.5.11 770.74 NOTE
r-devel-windows-x86_64 5.5.11 202.00 460.00 662.00 NOTE
r-patched-linux-x86_64 5.5.11 153.49 395.90 549.39 NOTE
r-release-linux-x86_64 5.5.11 144.56 393.10 537.66 NOTE
r-release-macos-arm64 5.5.11 197.00 NOTE
r-release-macos-x86_64 5.5.11 268.00 NOTE
r-release-windows-x86_64 5.5.11 201.00 474.00 675.00 NOTE
r-oldrel-macos-arm64 5.5.11 193.00 NOTE
r-oldrel-macos-x86_64 5.5.11 275.00 NOTE
r-oldrel-windows-ix86+x86_64 5.5.11 440.00 616.00 1056.00 NOTE

Check Details

Version: 5.5.11
Check: for GNU extensions in Makefiles
Result: NOTE
    GNU make is a SystemRequirements.
Flavors: r-devel-linux-x86_64-debian-clang, r-devel-linux-x86_64-debian-gcc, r-devel-linux-x86_64-fedora-clang, r-devel-linux-x86_64-fedora-gcc, r-devel-windows-x86_64, r-patched-linux-x86_64, r-release-linux-x86_64, r-release-macos-arm64, r-release-macos-x86_64, r-release-windows-x86_64, r-oldrel-macos-arm64, r-oldrel-macos-x86_64, r-oldrel-windows-ix86+x86_64

Version: 5.5.11
Check: installed package size
Result: NOTE
     installed size is 9.1Mb
     sub-directories of 1Mb or more:
     doc 2.4Mb
     libs 5.4Mb
Flavors: r-release-macos-arm64, r-release-macos-x86_64, r-oldrel-macos-arm64, r-oldrel-macos-x86_64, r-oldrel-windows-ix86+x86_64