Last updated on 2023-03-22 07:57:31 CET.
Flavor | Version | Tinstall | Tcheck | Ttotal | Status | Flags |
---|---|---|---|---|---|---|
r-devel-linux-x86_64-debian-clang | 5.5.12 | 188.28 | 417.15 | 605.43 | NOTE | |
r-devel-linux-x86_64-debian-gcc | 5.5.12 | 144.21 | 310.65 | 454.86 | NOTE | |
r-devel-linux-x86_64-fedora-clang | 5.5.12 | 823.09 | NOTE | |||
r-devel-linux-x86_64-fedora-gcc | 5.5.12 | 773.49 | NOTE | |||
r-devel-windows-x86_64 | 5.5.12 | 236.00 | 465.00 | 701.00 | NOTE | |
r-patched-linux-x86_64 | 5.5.12 | 141.91 | 390.78 | 532.69 | NOTE | |
r-release-linux-x86_64 | 5.5.12 | 151.01 | 393.39 | 544.40 | NOTE | |
r-release-macos-arm64 | 5.5.12 | 167.00 | NOTE | |||
r-release-macos-x86_64 | 5.5.12 | 280.00 | NOTE | |||
r-release-windows-x86_64 | 5.5.12 | 289.00 | 485.00 | 774.00 | NOTE | |
r-oldrel-macos-arm64 | 5.5.12 | 164.00 | NOTE | |||
r-oldrel-macos-x86_64 | 5.5.12 | 282.00 | NOTE | |||
r-oldrel-windows-ix86+x86_64 | 5.5.12 | 438.00 | 615.00 | 1053.00 | NOTE |
Version: 5.5.12
Check: for GNU extensions in Makefiles
Result: NOTE
GNU make is a SystemRequirements.
Flavors: r-devel-linux-x86_64-debian-clang, r-devel-linux-x86_64-debian-gcc, r-devel-linux-x86_64-fedora-clang, r-devel-linux-x86_64-fedora-gcc, r-devel-windows-x86_64, r-patched-linux-x86_64, r-release-linux-x86_64, r-release-macos-arm64, r-release-macos-x86_64, r-release-windows-x86_64, r-oldrel-macos-arm64, r-oldrel-macos-x86_64, r-oldrel-windows-ix86+x86_64
Version: 5.5.12
Check: installed package size
Result: NOTE
installed size is 9.0Mb
sub-directories of 1Mb or more:
doc 2.4Mb
libs 5.3Mb
Flavors: r-release-macos-arm64, r-release-macos-x86_64, r-oldrel-macos-arm64, r-oldrel-macos-x86_64, r-oldrel-windows-ix86+x86_64