CRAN Package Check Results for Package duawranglr

Last updated on 2021-10-17 12:52:41 CEST.

Flavor Version Tinstall Tcheck Ttotal Status Flags
r-devel-linux-x86_64-debian-clang 0.6.7 2.90 33.24 36.14 OK
r-devel-linux-x86_64-debian-gcc 0.6.7 2.25 25.87 28.12 OK
r-devel-linux-x86_64-fedora-clang 0.6.7 53.50 NOTE
r-devel-linux-x86_64-fedora-gcc 0.6.7 42.74 NOTE
r-devel-windows-x86_64 0.6.7 6.00 58.00 64.00 OK
r-devel-windows-x86_64-gcc10-UCRT 0.6.7 NOTE
r-patched-linux-x86_64 0.6.7 2.95 32.46 35.41 OK
r-patched-solaris-x86 0.6.7 61.50 NOTE
r-release-linux-x86_64 0.6.7 2.91 32.60 35.51 OK
r-release-macos-arm64 0.6.7 NOTE
r-release-macos-x86_64 0.6.7 NOTE
r-release-windows-ix86+x86_64 0.6.7 7.00 62.00 69.00 OK
r-oldrel-macos-x86_64 0.6.7 NOTE
r-oldrel-windows-ix86+x86_64 0.6.7 7.00 53.00 60.00 OK

Check Details

Version: 0.6.7
Check: dependencies in R code
Result: NOTE
    Namespaces in Imports field not imported from:
     ‘digest’ ‘dplyr’
     All declared Imports should be used.
Flavors: r-devel-linux-x86_64-fedora-clang, r-devel-linux-x86_64-fedora-gcc, r-devel-windows-x86_64-gcc10-UCRT, r-patched-solaris-x86, r-release-macos-arm64, r-release-macos-x86_64, r-oldrel-macos-x86_64