Last updated on 2023-10-03 01:04:49 CEST.
Flavor | Version | Tinstall | Tcheck | Ttotal | Status | Flags |
---|---|---|---|---|---|---|
r-devel-linux-x86_64-debian-clang | 0.8.1-3 | 2739.78 | 100.08 | 2839.86 | OK | |
r-devel-linux-x86_64-debian-gcc | 0.8.1-3 | 2165.21 | 73.80 | 2239.01 | OK | |
r-devel-linux-x86_64-fedora-clang | 0.8.1-3 | 3796.20 | NOTE | |||
r-devel-linux-x86_64-fedora-gcc | 0.8.1-3 | 4651.50 | OK | |||
r-devel-windows-x86_64 | 0.8.1-3 | 1976.00 | 333.00 | 2309.00 | NOTE | |
r-patched-linux-x86_64 | 0.8.1-3 | 2837.66 | 95.23 | 2932.89 | OK | |
r-release-linux-x86_64 | 0.8.1-3 | 2856.72 | 97.26 | 2953.98 | OK | |
r-release-macos-arm64 | 0.8.1-3 | 866.00 | NOTE | |||
r-release-macos-x86_64 | 0.8.1-3 | 547.00 | NOTE | |||
r-release-windows-x86_64 | 0.8.1-3 | 2485.00 | 391.00 | 2876.00 | NOTE | |
r-oldrel-macos-arm64 | 0.8.1-3 | 836.00 | NOTE | |||
r-oldrel-macos-x86_64 | 0.8.1-3 | 1124.00 | NOTE | |||
r-oldrel-windows-x86_64 | 0.8.1-3 | 2601.00 | 363.00 | 2964.00 | NOTE |
Version: 0.8.1-3
Check: installed package size
Result: NOTE
installed size is 37.5Mb
sub-directories of 1Mb or more:
libs 36.8Mb
Flavors: r-devel-linux-x86_64-fedora-clang, r-devel-windows-x86_64, r-release-macos-arm64, r-release-macos-x86_64, r-release-windows-x86_64, r-oldrel-macos-arm64, r-oldrel-macos-x86_64, r-oldrel-windows-x86_64