CRAN Package Check Results for Package dundermifflin

Last updated on 2021-12-03 15:52:16 CET.

Flavor Version Tinstall Tcheck Ttotal Status Flags
r-devel-linux-x86_64-debian-clang 0.1.1 3.22 22.27 25.49 OK
r-devel-linux-x86_64-debian-gcc 0.1.1 2.80 17.91 20.71 OK
r-devel-linux-x86_64-fedora-clang 0.1.1 42.66 NOTE
r-devel-linux-x86_64-fedora-gcc 0.1.1 32.11 NOTE
r-devel-windows-x86_64-new-UL 0.1.1 9.00 57.00 66.00 OK
r-devel-windows-x86_64-new-TK 0.1.1 NOTE
r-devel-windows-x86_64-old 0.1.1 6.00 30.00 36.00 OK
r-patched-linux-x86_64 0.1.1 3.12 21.40 24.52 OK
r-release-linux-x86_64 0.1.1 3.25 21.50 24.75 OK
r-release-macos-arm64 0.1.1 NOTE
r-release-macos-x86_64 0.1.1 NOTE
r-release-windows-ix86+x86_64 0.1.1 7.00 38.00 45.00 OK
r-oldrel-macos-x86_64 0.1.1 NOTE
r-oldrel-windows-ix86+x86_64 0.1.1 7.00 41.00 48.00 OK

Check Details

Version: 0.1.1
Check: data for non-ASCII characters
Result: NOTE
     Note: found 2854 marked UTF-8 strings
Flavors: r-devel-linux-x86_64-fedora-clang, r-devel-linux-x86_64-fedora-gcc, r-devel-windows-x86_64-new-TK, r-release-macos-arm64, r-release-macos-x86_64, r-oldrel-macos-x86_64