CRAN Package Check Results for Package dynamicTreeCut

Last updated on 2021-09-23 00:48:38 CEST.

Flavor Version Tinstall Tcheck Ttotal Status Flags
r-devel-linux-x86_64-debian-clang 1.63-1 2.99 27.08 30.07 OK
r-devel-linux-x86_64-debian-gcc 1.63-1 2.78 21.30 24.08 OK
r-devel-linux-x86_64-fedora-clang 1.63-1 46.13 OK
r-devel-linux-x86_64-fedora-gcc 1.63-1 35.89 OK
r-devel-windows-x86_64 1.63-1 6.00 33.00 39.00 OK
r-devel-windows-x86_64-gcc10-UCRT 1.63-1 ERROR
r-patched-linux-x86_64 1.63-1 2.89 26.50 29.39 OK
r-patched-solaris-x86 1.63-1 50.30 OK
r-release-linux-x86_64 1.63-1 3.15 26.47 29.62 OK
r-release-macos-arm64 1.63-1 OK
r-release-macos-x86_64 1.63-1 OK
r-release-windows-ix86+x86_64 1.63-1 8.00 33.00 41.00 OK
r-oldrel-macos-x86_64 1.63-1 OK
r-oldrel-windows-ix86+x86_64 1.63-1 8.00 35.00 43.00 OK

Check Details

Version: 1.63-1
Check: PDF version of manual
Result: WARN
    LaTeX errors when creating PDF version.
    This typically indicates Rd problems.
Flavor: r-devel-windows-x86_64-gcc10-UCRT

Version: 1.63-1
Check: PDF version of manual without hyperrefs or index
Result: ERROR
    Re-running with no redirection of stdout/stderr.
Flavor: r-devel-windows-x86_64-gcc10-UCRT