CRAN Package Check Results for Package dynamichazard

Last updated on 2021-12-09 07:50:10 CET.

Flavor Version Tinstall Tcheck Ttotal Status Flags
r-devel-linux-x86_64-debian-clang 1.0.1 594.50 224.72 819.22 OK
r-devel-linux-x86_64-debian-gcc 1.0.1 448.14 169.81 617.95 OK
r-devel-linux-x86_64-fedora-clang 1.0.1 1232.24 NOTE
r-devel-linux-x86_64-fedora-gcc 1.0.1 1146.16 OK
r-devel-windows-x86_64-new-UL 1.0.1 745.00 438.00 1183.00 NOTE
r-devel-windows-x86_64-new-TK 1.0.1 OK
r-devel-windows-x86_64-old 1.0.1 756.00 317.00 1073.00 NOTE
r-patched-linux-x86_64 1.0.1 538.34 227.20 765.54 OK
r-release-linux-x86_64 1.0.1 538.16 226.21 764.37 OK
r-release-macos-arm64 1.0.1 NOTE
r-release-macos-x86_64 1.0.1 NOTE
r-release-windows-ix86+x86_64 1.0.1 1038.00 419.00 1457.00 NOTE
r-oldrel-macos-x86_64 1.0.1 NOTE
r-oldrel-windows-ix86+x86_64 1.0.1 1472.00 414.00 1886.00 NOTE

Check Details

Version: 1.0.1
Check: installed package size
Result: NOTE
     installed size is 30.8Mb
     sub-directories of 1Mb or more:
     data 4.2Mb
     doc 1.7Mb
     libs 24.4Mb
Flavors: r-devel-linux-x86_64-fedora-clang, r-devel-windows-x86_64-new-UL, r-devel-windows-x86_64-old, r-release-macos-arm64, r-release-macos-x86_64, r-release-windows-ix86+x86_64, r-oldrel-macos-x86_64, r-oldrel-windows-ix86+x86_64