Last updated on 2023-03-23 03:53:18 CET.
Flavor | Version | Tinstall | Tcheck | Ttotal | Status | Flags |
---|---|---|---|---|---|---|
r-devel-linux-x86_64-debian-clang | 1.0.2 | 629.98 | 243.79 | 873.77 | NOTE | |
r-devel-linux-x86_64-debian-gcc | 1.0.2 | 506.17 | 185.23 | 691.40 | NOTE | |
r-devel-linux-x86_64-fedora-clang | 1.0.2 | 1307.23 | NOTE | |||
r-devel-linux-x86_64-fedora-gcc | 1.0.2 | 1197.44 | NOTE | |||
r-devel-windows-x86_64 | 1.0.2 | 926.00 | 402.00 | 1328.00 | NOTE | |
r-patched-linux-x86_64 | 1.0.2 | 547.78 | 231.00 | 778.78 | OK | |
r-release-linux-x86_64 | 1.0.2 | 537.07 | 229.31 | 766.38 | OK | |
r-release-macos-arm64 | 1.0.2 | 266.00 | NOTE | |||
r-release-macos-x86_64 | 1.0.2 | 337.00 | NOTE | |||
r-release-windows-x86_64 | 1.0.2 | 606.00 | 428.00 | 1034.00 | NOTE | |
r-oldrel-macos-arm64 | 1.0.2 | 261.00 | NOTE | |||
r-oldrel-macos-x86_64 | 1.0.2 | 337.00 | NOTE | |||
r-oldrel-windows-ix86+x86_64 | 1.0.2 | 1503.00 | 421.00 | 1924.00 | NOTE |
Version: 1.0.2
Check: C++ specification
Result: NOTE
Specified C++11: please drop specification unless essential
Flavors: r-devel-linux-x86_64-debian-clang, r-devel-linux-x86_64-debian-gcc, r-devel-linux-x86_64-fedora-clang, r-devel-linux-x86_64-fedora-gcc, r-devel-windows-x86_64
Version: 1.0.2
Check: installed package size
Result: NOTE
installed size is 8.6Mb
sub-directories of 1Mb or more:
data 4.2Mb
doc 1.7Mb
libs 2.2Mb
Flavors: r-devel-linux-x86_64-fedora-clang, r-devel-windows-x86_64, r-release-macos-arm64, r-release-macos-x86_64, r-release-windows-x86_64, r-oldrel-macos-arm64, r-oldrel-macos-x86_64, r-oldrel-windows-ix86+x86_64