CRAN Package Check Results for Package dynetNLAResistance

Last updated on 2024-03-05 08:18:26 CET.

Flavor Version Tinstall Tcheck Ttotal Status Flags
r-devel-linux-x86_64-debian-clang 0.1.0 4.68 36.58 41.26 OK
r-devel-linux-x86_64-debian-gcc 0.1.0 3.81 28.62 32.43 OK
r-devel-linux-x86_64-fedora-clang 0.1.0 51.23 NOTE
r-devel-linux-x86_64-fedora-gcc 0.1.0 49.11 NOTE
r-devel-windows-x86_64 0.1.0 6.00 49.00 55.00 OK
r-patched-linux-x86_64 0.1.0 3.92 35.73 39.65 OK
r-release-linux-x86_64 0.1.0 4.25 36.12 40.37 OK
r-release-macos-arm64 0.1.0 22.00 OK
r-release-macos-x86_64 0.1.0 29.00 OK
r-release-windows-x86_64 0.1.0 7.00 51.00 58.00 OK
r-oldrel-macos-arm64 0.1.0 20.00 NOTE
r-oldrel-windows-x86_64 0.1.0 6.00 57.00 63.00 OK

Check Details

Version: 0.1.0
Check: dependencies in R code
Result: NOTE Namespace in Imports field not imported from: ‘graphics’ All declared Imports should be used. Flavors: r-devel-linux-x86_64-fedora-clang, r-devel-linux-x86_64-fedora-gcc, r-oldrel-macos-arm64