CRAN Package Check Results for Package dynia

Last updated on 2019-10-15 20:48:43 CEST.

Flavor Version Tinstall Tcheck Ttotal Status Flags
r-devel-linux-x86_64-debian-clang 0.2 1.84 25.07 26.91 NOTE
r-devel-linux-x86_64-debian-gcc 0.2 1.48 19.16 20.64 NOTE
r-devel-linux-x86_64-fedora-clang 0.2 33.45 NOTE
r-devel-linux-x86_64-fedora-gcc 0.2 32.66 NOTE
r-devel-windows-ix86+x86_64 0.2 9.00 38.00 47.00 NOTE
r-patched-linux-x86_64 0.2 1.35 24.75 26.10 NOTE
r-patched-solaris-x86 0.2 48.90 NOTE
r-release-linux-x86_64 0.2 1.43 24.98 26.41 NOTE
r-release-windows-ix86+x86_64 0.2 4.00 52.00 56.00 NOTE
r-release-osx-x86_64 0.2 NOTE
r-oldrel-windows-ix86+x86_64 0.2 2.00 35.00 37.00 NOTE
r-oldrel-osx-x86_64 0.2 NOTE

Check Details

Version: 0.2
Check: R code for possible problems
Result: NOTE
    GetIntMod: no visible global function definition for 'arima'
    GetLikeDI: no visible global function definition for 'arima'
    GetLikeDI: no visible global function definition for 'logLik'
    GetPV: no visible global function definition for 'optimize'
    GetPV: no visible global function definition for 'pchisq'
    fitdi: no visible global function definition for 'optimize'
    Undefined global functions or variables:
     arima logLik optimize pchisq
    Consider adding
     importFrom("stats", "arima", "logLik", "optimize", "pchisq")
    to your NAMESPACE file.
Flavors: r-devel-linux-x86_64-debian-clang, r-devel-linux-x86_64-debian-gcc, r-devel-linux-x86_64-fedora-clang, r-devel-linux-x86_64-fedora-gcc, r-devel-windows-ix86+x86_64, r-patched-linux-x86_64, r-patched-solaris-x86, r-release-linux-x86_64, r-release-windows-ix86+x86_64, r-release-osx-x86_64, r-oldrel-windows-ix86+x86_64, r-oldrel-osx-x86_64