CRAN Package Check Results for Package dynpred

Last updated on 2022-05-22 09:52:15 CEST.

Flavor Version Tinstall Tcheck Ttotal Status Flags
r-devel-linux-x86_64-debian-clang 0.1.2 8.54 99.33 107.87 OK
r-devel-linux-x86_64-debian-gcc 0.1.2 8.20 75.69 83.89 OK
r-devel-linux-x86_64-fedora-clang 0.1.2 131.00 NOTE
r-devel-linux-x86_64-fedora-gcc 0.1.2 128.24 NOTE
r-devel-windows-x86_64 0.1.2 32.00 117.00 149.00 OK
r-patched-linux-x86_64 0.1.2 9.19 95.09 104.28 OK
r-release-linux-x86_64 0.1.2 9.24 95.08 104.32 OK
r-release-macos-arm64 0.1.2 38.00 OK
r-release-macos-x86_64 0.1.2 55.00 OK
r-release-windows-x86_64 0.1.2 27.00 115.00 142.00 OK
r-oldrel-macos-arm64 0.1.2 47.00 OK
r-oldrel-macos-x86_64 0.1.2 77.00 OK
r-oldrel-windows-ix86+x86_64 0.1.2 21.00 156.00 177.00 OK

Check Details

Version: 0.1.2
Check: compiled code
Result: NOTE
    File ‘dynpred/libs/dynpred.so’:
     Found no calls to: ‘R_registerRoutines’, ‘R_useDynamicSymbols’
    
    It is good practice to register native routines and to disable symbol
    search.
    
    See ‘Writing portable packages’ in the ‘Writing R Extensions’ manual.
Flavors: r-devel-linux-x86_64-fedora-clang, r-devel-linux-x86_64-fedora-gcc