CRAN Package Check Results for Package dynr

Last updated on 2021-10-26 20:50:51 CEST.

Flavor Version Tinstall Tcheck Ttotal Status Flags
r-devel-linux-x86_64-debian-clang 0.1.16-2 32.39 200.57 232.96 WARN
r-devel-linux-x86_64-debian-gcc 0.1.16-2 27.75 152.05 179.80 WARN
r-devel-linux-x86_64-fedora-clang 0.1.16-2 367.92 WARN
r-devel-linux-x86_64-fedora-gcc 0.1.16-2 350.33 WARN
r-devel-windows-x86_64 0.1.16-2 58.00 276.00 334.00 NOTE
r-devel-windows-x86_64-gcc10-UCRT 0.1.16-2 NOTE
r-patched-linux-x86_64 0.1.16-2 33.89 194.77 228.66 WARN
r-patched-solaris-x86 0.1.16-2 489.00 NOTE
r-release-linux-x86_64 0.1.16-2 32.16 190.83 222.99 WARN
r-release-macos-arm64 0.1.16-2 NOTE
r-release-macos-x86_64 0.1.16-2 NOTE
r-release-windows-ix86+x86_64 0.1.16-2 68.00 357.00 425.00 NOTE
r-oldrel-macos-x86_64 0.1.16-2 NOTE
r-oldrel-windows-ix86+x86_64 0.1.16-2 93.00 354.00 447.00 NOTE

Check Details

Version: 0.1.16-2
Check: top-level files
Result: WARN
     Output from running autoreconf:
     configure.ac:27: warning: AC_OUTPUT should be used without arguments.
     configure.ac:27: You should run autoupdate.
Flavors: r-devel-linux-x86_64-debian-clang, r-devel-linux-x86_64-debian-gcc, r-patched-linux-x86_64, r-release-linux-x86_64

Version: 0.1.16-2
Check: installed package size
Result: NOTE
     installed size is 5.6Mb
     sub-directories of 1Mb or more:
     data 2.5Mb
     doc 1.5Mb
Flavors: r-devel-linux-x86_64-fedora-clang, r-devel-windows-x86_64, r-patched-solaris-x86, r-release-macos-arm64, r-release-macos-x86_64, r-release-windows-ix86+x86_64, r-oldrel-macos-x86_64, r-oldrel-windows-ix86+x86_64

Version: 0.1.16-2
Check: top-level files
Result: WARN
     Output from running autoreconf:
     configure.ac:27: warning: AC_OUTPUT should be used without arguments.
     configure.ac:27: You should run autoupdate.
     configure.ac:27: warning: AC_OUTPUT should be used without arguments.
     configure.ac:27: You should run autoupdate.
Flavors: r-devel-linux-x86_64-fedora-clang, r-devel-linux-x86_64-fedora-gcc

Version: 0.1.16-2
Check: dependencies in R code
Result: NOTE
    Namespace in Imports field not imported from: ‘Rdpack’
     All declared Imports should be used.
Flavors: r-devel-linux-x86_64-fedora-clang, r-devel-linux-x86_64-fedora-gcc, r-devel-windows-x86_64-gcc10-UCRT, r-patched-solaris-x86, r-release-macos-arm64, r-release-macos-x86_64, r-oldrel-macos-x86_64