CRAN Package Check Results for Package e1071

Last updated on 2021-09-19 16:48:53 CEST.

Flavor Version Tinstall Tcheck Ttotal Status Flags
r-devel-linux-x86_64-debian-clang 1.7-9 12.77 69.43 82.20 OK
r-devel-linux-x86_64-debian-gcc 1.7-9 8.19 53.12 61.31 OK
r-devel-linux-x86_64-fedora-clang 1.7-9 108.40 OK
r-devel-linux-x86_64-fedora-gcc 1.7-9 66.22 OK
r-devel-windows-x86_64 1.7-9 1.00 6.00 7.00 ERROR
r-devel-windows-x86_64-gcc10-UCRT 1.7-9 ERROR
r-patched-linux-x86_64 1.7-8 12.70 69.50 82.20 WARN
r-patched-solaris-x86 1.7-9 129.20 OK
r-release-linux-x86_64 1.7-9 10.03 68.23 78.26 OK
r-release-macos-arm64 1.7-9 OK
r-release-macos-x86_64 1.7-9 OK
r-release-windows-ix86+x86_64 1.7-9 1.00 7.00 8.00 ERROR
r-oldrel-macos-x86_64 1.7-9 OK
r-oldrel-windows-ix86+x86_64 1.7-8 25.00 98.00 123.00 OK

Additional issues

clang-UBSAN

Check Details

Version: 1.7-9
Check: whether package can be installed
Result: ERROR
    Installation failed.
Flavors: r-devel-windows-x86_64, r-devel-windows-x86_64-gcc10-UCRT, r-release-windows-ix86+x86_64

Version: 1.7-8
Check: top-level files
Result: WARN
     Output from running autoreconf:
     /usr/share/autoconf/autoconf/trailer.m4:4: warning: AC_OUTPUT was never used
Flavor: r-patched-linux-x86_64