CRAN Package Check Results for Package earlyR

Last updated on 2022-01-20 08:49:56 CET.

Flavor Version Tinstall Tcheck Ttotal Status Flags
r-devel-linux-x86_64-debian-clang 0.0.5 NOTE
r-devel-linux-x86_64-debian-gcc 0.0.5 4.81 62.79 67.60 NOTE
r-devel-linux-x86_64-fedora-clang 0.0.5 105.83 NOTE
r-devel-linux-x86_64-fedora-gcc 0.0.5 92.65 NOTE
r-devel-windows-x86_64-new-UL 0.0.5 29.00 112.00 141.00 NOTE
r-devel-windows-x86_64-new-TK 0.0.5 NOTE
r-patched-linux-x86_64 0.0.5 4.12 78.33 82.45 NOTE
r-release-linux-x86_64 0.0.5 4.80 77.01 81.81 NOTE
r-release-macos-arm64 0.0.5 NOTE
r-release-macos-x86_64 0.0.5 NOTE
r-release-windows-ix86+x86_64 0.0.5 12.00 101.00 113.00 NOTE
r-oldrel-macos-x86_64 0.0.5 OK
r-oldrel-windows-ix86+x86_64 0.0.5 15.00 101.00 116.00 OK

Check Details

Version: 0.0.5
Check: LazyData
Result: NOTE
     'LazyData' is specified without a 'data' directory
Flavors: r-devel-linux-x86_64-debian-clang, r-devel-linux-x86_64-debian-gcc, r-devel-linux-x86_64-fedora-clang, r-devel-linux-x86_64-fedora-gcc, r-devel-windows-x86_64-new-UL, r-devel-windows-x86_64-new-TK, r-patched-linux-x86_64, r-release-linux-x86_64, r-release-macos-arm64, r-release-macos-x86_64, r-release-windows-ix86+x86_64