CRAN Package Check Results for Package earlyR

Last updated on 2023-09-27 01:05:27 CEST.

Flavor Version Tinstall Tcheck Ttotal Status Flags
r-devel-linux-x86_64-debian-clang 0.0.5 5.74 73.33 79.07 NOTE
r-devel-linux-x86_64-debian-gcc 0.0.5 4.99 54.82 59.81 NOTE
r-devel-linux-x86_64-fedora-clang 0.0.5 99.75 NOTE
r-devel-linux-x86_64-fedora-gcc 0.0.5 110.50 NOTE
r-devel-windows-x86_64 0.0.5 6.00 74.00 80.00 NOTE
r-patched-linux-x86_64 0.0.5 4.37 68.33 72.70 NOTE
r-release-linux-x86_64 0.0.5 3.79 70.58 74.37 NOTE
r-release-macos-arm64 0.0.5 38.00 NOTE
r-release-macos-x86_64 0.0.5 54.00 NOTE
r-release-windows-x86_64 0.0.5 9.00 84.00 93.00 NOTE
r-oldrel-macos-arm64 0.0.5 37.00 NOTE
r-oldrel-macos-x86_64 0.0.5 76.00 NOTE
r-oldrel-windows-x86_64 0.0.5 9.00 91.00 100.00 NOTE

Check Details

Version: 0.0.5
Check: LazyData
Result: NOTE
     'LazyData' is specified without a 'data' directory
Flavors: r-devel-linux-x86_64-debian-clang, r-devel-linux-x86_64-debian-gcc, r-devel-linux-x86_64-fedora-clang, r-devel-linux-x86_64-fedora-gcc, r-devel-windows-x86_64, r-patched-linux-x86_64, r-release-linux-x86_64, r-release-macos-arm64, r-release-macos-x86_64, r-release-windows-x86_64, r-oldrel-macos-arm64, r-oldrel-macos-x86_64, r-oldrel-windows-x86_64