CRAN Package Check Results for Package easyDifferentialGeneCoexpression

Last updated on 2024-06-12 20:58:54 CEST.

Flavor Version Tinstall Tcheck Ttotal Status Flags
r-devel-linux-x86_64-debian-clang 1.4 48.42 449.00 497.42 OK
r-devel-linux-x86_64-debian-gcc 1.4 0.25 1.90 2.15 ERROR
r-devel-linux-x86_64-fedora-clang 1.4 637.87 OK
r-devel-linux-x86_64-fedora-gcc 1.4 448.53 OK
r-devel-windows-x86_64 1.4 39.00 296.00 335.00 OK
r-patched-linux-x86_64 1.4 38.97 417.13 456.10 OK
r-release-linux-x86_64 1.4 34.16 429.42 463.58 OK
r-release-macos-arm64 1.4 5.00 ERROR
r-release-macos-x86_64 1.4 256.00 OK
r-release-windows-x86_64 1.4 44.00 291.00 335.00 OK
r-oldrel-macos-arm64 1.4 168.00 OK
r-oldrel-macos-x86_64 1.4 345.00 OK
r-oldrel-windows-x86_64 1.4 55.00 372.00 427.00 OK

Check Details

Version: 1.4
Check: package dependencies
Result: ERROR Packages required but not available: 'annotate', 'diffcoexp', 'geneExpressionFromGEO', 'GEOquery', 'jetset' See section ‘The DESCRIPTION file’ in the ‘Writing R Extensions’ manual. Flavor: r-devel-linux-x86_64-debian-gcc

Version: 1.4
Check: package dependencies
Result: ERROR Package required but not available: ‘diffcoexp’ See section ‘The DESCRIPTION file’ in the ‘Writing R Extensions’ manual. Flavor: r-release-macos-arm64