Last updated on 2023-10-02 09:04:48 CEST.
Flavor | Version | Tinstall | Tcheck | Ttotal | Status | Flags |
---|---|---|---|---|---|---|
r-devel-linux-x86_64-debian-clang | 1.0 | 50.93 | 423.27 | 474.20 | OK | |
r-devel-linux-x86_64-debian-gcc | 1.0 | 40.88 | 318.86 | 359.74 | OK | |
r-devel-linux-x86_64-fedora-clang | 1.0 | 575.42 | NOTE | |||
r-devel-linux-x86_64-fedora-gcc | 1.0 | 571.33 | NOTE | |||
r-devel-windows-x86_64 | 1.0 | 38.00 | 389.00 | 427.00 | OK | |
r-patched-linux-x86_64 | 1.0 | 37.86 | 408.20 | 446.06 | OK | |
r-release-linux-x86_64 | 1.0 | 38.93 | 411.21 | 450.14 | OK | |
r-release-macos-arm64 | 1.0 | 5.00 | ERROR | |||
r-release-macos-x86_64 | 1.0 | 301.00 | OK | |||
r-release-windows-x86_64 | 1.0 | 40.00 | 592.00 | 632.00 | OK | |
r-oldrel-macos-arm64 | 1.0 | 8.00 | ERROR | |||
r-oldrel-macos-x86_64 | 1.0 | 13.00 | ERROR | |||
r-oldrel-windows-x86_64 | 1.0 | 52.00 | 613.00 | 665.00 | OK |
Version: 1.0
Check: dependencies in R code
Result: NOTE
Namespaces in Imports field not imported from:
‘R.utils’ ‘stringi’
All declared Imports should be used.
Flavors: r-devel-linux-x86_64-fedora-clang, r-devel-linux-x86_64-fedora-gcc
Version: 1.0
Check: package dependencies
Result: ERROR
Packages required but not available: 'diffcoexp', 'GEOquery'
See section ‘The DESCRIPTION file’ in the ‘Writing R Extensions’
manual.
Flavor: r-release-macos-arm64
Version: 1.0
Check: package dependencies
Result: ERROR
Package required but not available: ‘diffcoexp’
See section ‘The DESCRIPTION file’ in the ‘Writing R Extensions’
manual.
Flavors: r-oldrel-macos-arm64, r-oldrel-macos-x86_64