CRAN Package Check Results for Package easySdcTable

Last updated on 2021-09-23 12:57:45 CEST.

Flavor Version Tinstall Tcheck Ttotal Status Flags
r-devel-linux-x86_64-debian-clang 0.9.0 11.30 166.56 177.86 OK
r-devel-linux-x86_64-debian-gcc 0.9.0 10.22 112.13 122.35 OK
r-devel-linux-x86_64-fedora-clang 0.9.0 198.69 OK
r-devel-linux-x86_64-fedora-gcc 0.9.0 181.04 OK
r-devel-windows-x86_64 0.9.0 15.00 125.00 140.00 OK
r-devel-windows-x86_64-gcc10-UCRT 0.9.0 ERROR
r-patched-linux-x86_64 0.9.0 16.87 141.94 158.81 OK
r-patched-solaris-x86 0.9.0 225.00 OK
r-release-linux-x86_64 0.9.0 11.00 145.25 156.25 OK
r-release-macos-arm64 0.9.0 OK
r-release-macos-x86_64 0.9.0 OK
r-release-windows-ix86+x86_64 0.9.0 25.00 148.00 173.00 OK
r-oldrel-macos-x86_64 0.9.0 OK
r-oldrel-windows-ix86+x86_64 0.9.0 19.00 131.00 150.00 OK

Check Details

Version: 0.9.0
Check: PDF version of manual
Result: WARN
    LaTeX errors when creating PDF version.
    This typically indicates Rd problems.
Flavor: r-devel-windows-x86_64-gcc10-UCRT

Version: 0.9.0
Check: PDF version of manual without hyperrefs or index
Result: ERROR
    Re-running with no redirection of stdout/stderr.
Flavor: r-devel-windows-x86_64-gcc10-UCRT