CRAN Package Check Results for Package easypackages

Last updated on 2021-12-01 03:55:26 CET.

Flavor Version Tinstall Tcheck Ttotal Status Flags
r-devel-linux-x86_64-debian-clang 0.1.0 6.22 50.48 56.70 NOTE
r-devel-linux-x86_64-debian-gcc 0.1.0 4.54 42.02 46.56 NOTE
r-devel-linux-x86_64-fedora-clang 0.1.0 80.55 NOTE
r-devel-linux-x86_64-fedora-gcc 0.1.0 68.28 NOTE
r-devel-windows-x86_64-new-UL 0.1.0 13.00 93.00 106.00 NOTE
r-devel-windows-x86_64-new-TK 0.1.0 NOTE
r-devel-windows-x86_64-old 0.1.0 10.00 52.00 62.00 NOTE
r-patched-linux-x86_64 0.1.0 6.76 48.41 55.17 NOTE
r-patched-solaris-x86 0.1.0 93.10 NOTE
r-release-linux-x86_64 0.1.0 6.34 49.20 55.54 NOTE
r-release-macos-arm64 0.1.0 NOTE
r-release-macos-x86_64 0.1.0 NOTE
r-release-windows-ix86+x86_64 0.1.0 14.00 53.00 67.00 NOTE
r-oldrel-macos-x86_64 0.1.0 OK
r-oldrel-windows-ix86+x86_64 0.1.0 9.00 63.00 72.00 OK

Check Details

Version: 0.1.0
Check: LazyData
Result: NOTE
     'LazyData' is specified without a 'data' directory
Flavors: r-devel-linux-x86_64-debian-clang, r-devel-linux-x86_64-debian-gcc, r-devel-linux-x86_64-fedora-clang, r-devel-linux-x86_64-fedora-gcc, r-devel-windows-x86_64-new-UL, r-devel-windows-x86_64-new-TK, r-devel-windows-x86_64-old, r-patched-linux-x86_64, r-patched-solaris-x86, r-release-linux-x86_64, r-release-macos-arm64, r-release-macos-x86_64, r-release-windows-ix86+x86_64