CRAN Package Check Results for Package ech

Last updated on 2021-10-22 00:50:24 CEST.

Flavor Version Tinstall Tcheck Ttotal Status Flags
r-devel-linux-x86_64-debian-clang 0.1.1.2 37.86 335.43 373.29 OK
r-devel-linux-x86_64-debian-gcc 0.1.1.2 32.10 247.83 279.93 OK
r-devel-linux-x86_64-fedora-clang 0.1.1.2 452.10 NOTE
r-devel-linux-x86_64-fedora-gcc 0.1.1.2 441.68 NOTE
r-devel-windows-x86_64 0.1.1.2 60.00 381.00 441.00 OK
r-devel-windows-x86_64-gcc10-UCRT 0.1.1.2 NOTE
r-patched-linux-x86_64 0.1.1.2 38.07 334.88 372.95 OK
r-patched-solaris-x86 0.1.1.2 384.80 NOTE
r-release-linux-x86_64 0.1.1.2 34.93 337.81 372.74 OK
r-release-macos-arm64 0.1.1.2 NOTE
r-release-macos-x86_64 0.1.1.2 NOTE
r-release-windows-ix86+x86_64 0.1.1.2 89.00 401.00 490.00 OK
r-oldrel-macos-x86_64 0.1.1.2 NOTE
r-oldrel-windows-ix86+x86_64 0.1.1.2 56.00 295.00 351.00 OK

Check Details

Version: 0.1.1.2
Check: data for non-ASCII characters
Result: NOTE
     Note: found 1409 marked UTF-8 strings
Flavors: r-devel-linux-x86_64-fedora-clang, r-devel-linux-x86_64-fedora-gcc, r-devel-windows-x86_64-gcc10-UCRT, r-patched-solaris-x86, r-release-macos-arm64, r-release-macos-x86_64, r-oldrel-macos-x86_64