Last updated on 2023-03-31 16:53:46 CEST.
Flavor | Version | Tinstall | Tcheck | Ttotal | Status | Flags |
---|---|---|---|---|---|---|
r-devel-linux-x86_64-debian-clang | 0.7.0 | 62.93 | 156.02 | 218.95 | OK | |
r-devel-linux-x86_64-debian-gcc | 0.7.0 | 51.23 | 116.40 | 167.63 | OK | |
r-devel-linux-x86_64-fedora-clang | 0.7.0 | 284.14 | OK | |||
r-devel-linux-x86_64-fedora-gcc | 0.7.0 | 265.44 | OK | |||
r-devel-windows-x86_64 | 0.7.0 | 66.00 | 0.00 | 66.00 | OK | |
r-patched-linux-x86_64 | 0.7.0 | 54.88 | 145.36 | 200.24 | OK | |
r-release-linux-x86_64 | 0.7.0 | 49.82 | 151.60 | 201.42 | OK | |
r-release-macos-arm64 | 0.7.0 | 73.00 | NOTE | |||
r-release-macos-x86_64 | 0.7.0 | 98.00 | NOTE | |||
r-release-windows-x86_64 | 0.7.0 | 58.00 | 201.00 | 259.00 | OK | |
r-oldrel-macos-arm64 | 0.7.0 | 69.00 | NOTE | |||
r-oldrel-macos-x86_64 | 0.7.0 | 102.00 | NOTE | |||
r-oldrel-windows-ix86+x86_64 | 0.7.0 | 147.00 | 240.00 | 387.00 | OK |
Version: 0.7.0
Check: installed package size
Result: NOTE
installed size is 11.4Mb
sub-directories of 1Mb or more:
libs 11.3Mb
Flavors: r-release-macos-arm64, r-release-macos-x86_64, r-oldrel-macos-arm64, r-oldrel-macos-x86_64