CRAN Package Check Results for Package ecospat

Last updated on 2024-06-12 20:58:54 CEST.

Flavor Version Tinstall Tcheck Ttotal Status Flags
r-devel-linux-x86_64-debian-clang 4.1.0 16.77 217.25 234.02 OK
r-devel-linux-x86_64-debian-gcc 4.1.0 0.59 1.82 2.41 ERROR
r-devel-linux-x86_64-fedora-clang 4.1.0 285.53 OK
r-devel-linux-x86_64-fedora-gcc 4.1.0 283.65 OK
r-devel-windows-x86_64 4.1.0 15.00 260.00 275.00 OK
r-patched-linux-x86_64 4.1.0 22.06 206.28 228.34 OK
r-release-linux-x86_64 4.1.0 8.88 214.10 222.98 OK
r-release-macos-arm64 4.1.0 109.00 OK
r-release-macos-x86_64 4.1.0 128.00 OK
r-release-windows-x86_64 4.1.0 17.00 263.00 280.00 OK
r-oldrel-macos-arm64 4.1.0 107.00 OK
r-oldrel-macos-x86_64 4.1.0 214.00 OK
r-oldrel-windows-x86_64 4.1.0 18.00 290.00 308.00 OK

Check Details

Version: 4.1.0
Check: package dependencies
Result: ERROR Packages required but not available: 'biomod2', 'ecodist', 'Hmisc' Packages suggested but not available for checking: 'alphahull', 'dplyr', 'rms' See section ‘The DESCRIPTION file’ in the ‘Writing R Extensions’ manual. Flavor: r-devel-linux-x86_64-debian-gcc