Last updated on 2023-10-03 01:04:49 CEST.
Flavor | Version | Tinstall | Tcheck | Ttotal | Status | Flags |
---|---|---|---|---|---|---|
r-devel-linux-x86_64-debian-clang | 3.5.1 | 53.49 | 540.17 | 593.66 | OK | |
r-devel-linux-x86_64-debian-gcc | 3.5.1 | 43.90 | 391.88 | 435.78 | OK | |
r-devel-linux-x86_64-fedora-clang | 3.5.1 | 710.86 | NOTE | |||
r-devel-linux-x86_64-fedora-gcc | 3.5.1 | 706.35 | OK | |||
r-devel-windows-x86_64 | 3.5.1 | 43.00 | 442.00 | 485.00 | OK | |
r-patched-linux-x86_64 | 3.5.1 | 51.95 | 513.51 | 565.46 | OK | |
r-release-linux-x86_64 | 3.5.1 | 45.64 | 520.43 | 566.07 | OK | |
r-release-macos-arm64 | 3.5.1 | 171.00 | OK | |||
r-release-macos-x86_64 | 3.5.1 | 561.00 | OK | |||
r-release-windows-x86_64 | 3.5.1 | 57.00 | 485.00 | 542.00 | OK | |
r-oldrel-macos-arm64 | 3.5.1 | 167.00 | OK | |||
r-oldrel-macos-x86_64 | 3.5.1 | 220.00 | OK | |||
r-oldrel-windows-x86_64 | 3.5.1 | 59.00 | 475.00 | 534.00 | OK |
Version: 3.5.1
Check: package dependencies
Result: NOTE
Imports includes 23 non-default packages.
Importing from so many packages makes the package vulnerable to any of
them becoming unavailable. Move as many as possible to Suggests and
use conditionally.
Flavor: r-devel-linux-x86_64-fedora-clang