CRAN Package Check Results for Package edci

Last updated on 2021-09-22 13:52:39 CEST.

Flavor Version Tinstall Tcheck Ttotal Status Flags
r-devel-linux-x86_64-debian-clang 1.1-3 4.98 27.72 32.70 OK
r-devel-linux-x86_64-debian-gcc 1.1-3 3.30 21.65 24.95 OK
r-devel-linux-x86_64-fedora-clang 1.1-3 48.49 OK
r-devel-linux-x86_64-fedora-gcc 1.1-3 37.87 OK
r-devel-windows-x86_64 1.1-3 7.00 31.00 38.00 OK
r-devel-windows-x86_64-gcc10-UCRT 1.1-3 ERROR
r-patched-linux-x86_64 1.1-3 4.67 27.14 31.81 OK
r-patched-solaris-x86 1.1-3 58.30 OK
r-release-linux-x86_64 1.1-3 4.21 26.84 31.05 OK
r-release-macos-arm64 1.1-3 OK
r-release-macos-x86_64 1.1-3 OK
r-release-windows-ix86+x86_64 1.1-3 14.00 39.00 53.00 OK
r-oldrel-macos-x86_64 1.1-3 OK
r-oldrel-windows-ix86+x86_64 1.1-3 12.00 39.00 51.00 OK

Check Details

Version: 1.1-3
Check: whether package can be installed
Result: ERROR
    Installation failed.
Flavor: r-devel-windows-x86_64-gcc10-UCRT