CRAN Package Check Results for Package edgebundle

Last updated on 2023-06-06 21:00:52 CEST.

Flavor Version Tinstall Tcheck Ttotal Status Flags
r-devel-linux-x86_64-debian-clang 0.4.1 35.09 95.53 130.62 OK
r-devel-linux-x86_64-debian-gcc 0.4.1 28.88 72.95 101.83 OK
r-devel-linux-x86_64-fedora-clang 0.4.1 188.07 NOTE
r-devel-linux-x86_64-fedora-gcc 0.4.1 191.20 NOTE
r-devel-windows-x86_64 0.4.1 31.00 105.00 136.00 OK
r-patched-linux-x86_64 0.4.1 29.51 92.20 121.71 OK
r-release-linux-x86_64 0.4.1 30.75 90.58 121.33 OK
r-release-macos-arm64 0.4.1 53.00 OK
r-release-macos-x86_64 0.4.1 84.00 NOTE
r-release-windows-x86_64 0.4.1 38.00 125.00 163.00 OK
r-oldrel-macos-arm64 0.4.1 47.00 OK
r-oldrel-macos-x86_64 0.4.1 63.00 NOTE
r-oldrel-windows-x86_64 0.4.1 37.00 118.00 155.00 OK

Check Details

Version: 0.4.1
Check: data for non-ASCII characters
Result: NOTE
     Note: found 22 marked UTF-8 strings
Flavors: r-devel-linux-x86_64-fedora-clang, r-devel-linux-x86_64-fedora-gcc, r-oldrel-macos-x86_64

Version: 0.4.1
Check: package dependencies
Result: NOTE
    Package suggested but not available for checking: ‘tidygraph’
Flavor: r-release-macos-x86_64