CRAN Package Check Results for Package edgebundle

Last updated on 2024-06-12 20:58:54 CEST.

Flavor Version Tinstall Tcheck Ttotal Status Flags
r-devel-linux-x86_64-debian-clang 0.4.2 39.63 99.24 138.87 OK
r-devel-linux-x86_64-debian-gcc 0.4.2 0.40 1.53 1.93 ERROR
r-devel-linux-x86_64-fedora-clang 0.4.2 180.31 NOTE
r-devel-linux-x86_64-fedora-gcc 0.4.2 174.24 NOTE
r-devel-windows-x86_64 0.4.2 32.00 105.00 137.00 OK
r-patched-linux-x86_64 0.4.2 35.27 92.47 127.74 OK
r-release-linux-x86_64 0.4.2 32.31 93.73 126.04 OK
r-release-macos-arm64 0.4.2 47.00 OK
r-release-macos-x86_64 0.4.2 65.00 OK
r-release-windows-x86_64 0.4.2 32.00 105.00 137.00 OK
r-oldrel-macos-arm64 0.4.2 54.00 OK
r-oldrel-macos-x86_64 0.4.2 116.00 OK
r-oldrel-windows-x86_64 0.4.2 40.00 129.00 169.00 OK

Check Details

Version: 0.4.2
Check: package dependencies
Result: ERROR Package required but not available: ‘igraph’ Packages suggested but not available for checking: 'testthat', 'network', 'tidygraph' See section ‘The DESCRIPTION file’ in the ‘Writing R Extensions’ manual. Flavor: r-devel-linux-x86_64-debian-gcc

Version: 0.4.2
Check: data for non-ASCII characters
Result: NOTE Note: found 22 marked UTF-8 strings Flavors: r-devel-linux-x86_64-fedora-clang, r-devel-linux-x86_64-fedora-gcc