CRAN Package Check Results for Package edgebundle

Last updated on 2021-12-01 15:51:56 CET.

Flavor Version Tinstall Tcheck Ttotal Status Flags
r-devel-linux-x86_64-debian-clang 0.3.0 34.70 81.59 116.29 OK
r-devel-linux-x86_64-debian-gcc 0.3.0 25.57 63.07 88.64 OK
r-devel-linux-x86_64-fedora-clang 0.3.0 162.13 NOTE
r-devel-linux-x86_64-fedora-gcc 0.3.0 146.70 NOTE
r-devel-windows-x86_64-new-UL 0.3.0 50.00 144.00 194.00 OK
r-devel-windows-x86_64-new-TK 0.3.0 NOTE
r-devel-windows-x86_64-old 0.3.0 44.00 81.00 125.00 OK
r-patched-linux-x86_64 0.3.0 29.02 78.39 107.41 OK
r-patched-solaris-x86 0.3.0 177.80 NOTE
r-release-linux-x86_64 0.3.0 28.56 78.29 106.85 OK
r-release-macos-arm64 0.3.0 NOTE
r-release-macos-x86_64 0.3.0 NOTE
r-release-windows-ix86+x86_64 0.3.0 82.00 115.00 197.00 OK
r-oldrel-macos-x86_64 0.3.0 NOTE
r-oldrel-windows-ix86+x86_64 0.3.0 61.00 134.00 195.00 OK

Check Details

Version: 0.3.0
Check: data for non-ASCII characters
Result: NOTE
     Note: found 22 marked UTF-8 strings
Flavors: r-devel-linux-x86_64-fedora-clang, r-devel-linux-x86_64-fedora-gcc, r-devel-windows-x86_64-new-TK, r-patched-solaris-x86, r-release-macos-arm64, r-release-macos-x86_64, r-oldrel-macos-x86_64