Last updated on 2023-09-23 01:54:10 CEST.
Flavor | Version | Tinstall | Tcheck | Ttotal | Status | Flags |
---|---|---|---|---|---|---|
r-devel-linux-x86_64-debian-clang | 1.1 | 5.35 | 96.55 | 101.90 | OK | |
r-devel-linux-x86_64-debian-gcc | 1.1 | 3.45 | 72.05 | 75.50 | OK | |
r-devel-linux-x86_64-fedora-clang | 1.1 | 121.50 | NOTE | |||
r-devel-linux-x86_64-fedora-gcc | 1.1 | 129.63 | OK | |||
r-devel-windows-x86_64 | 1.1 | 5.00 | 98.00 | 103.00 | OK | |
r-patched-linux-x86_64 | 1.1 | 6.06 | 91.58 | 97.64 | OK | |
r-release-linux-x86_64 | 1.1 | 3.56 | 93.59 | 97.15 | OK | |
r-release-macos-arm64 | 1.1 | 38.00 | OK | |||
r-release-macos-x86_64 | 1.1 | 72.00 | OK | |||
r-release-windows-x86_64 | 1.1 | 5.00 | 111.00 | 116.00 | OK | |
r-oldrel-macos-arm64 | 1.1 | 32.00 | OK | |||
r-oldrel-macos-x86_64 | 1.1 | 46.00 | OK | |||
r-oldrel-windows-x86_64 | 1.1 | 8.00 | 103.00 | 111.00 | OK |
Version: 1.1
Check: Rd cross-references
Result: NOTE
Undeclared package ‘ndl’ in Rd xrefs
Flavor: r-devel-linux-x86_64-fedora-clang