CRAN Package Check Results for Package ef

Last updated on 2022-01-18 07:52:23 CET.

Flavor Version Tinstall Tcheck Ttotal Status Flags
r-devel-linux-x86_64-debian-clang 1.2.0 69.77 92.59 162.36 OK
r-devel-linux-x86_64-debian-gcc 1.2.0 55.51 71.77 127.28 OK
r-devel-linux-x86_64-fedora-clang 1.2.0 225.46 NOTE
r-devel-linux-x86_64-fedora-gcc 1.2.0 201.37 OK
r-devel-windows-x86_64-new-UL 1.2.0 55.00 118.00 173.00 NOTE
r-devel-windows-x86_64-new-TK 1.2.0 OK
r-patched-linux-x86_64 1.2.0 63.04 88.64 151.68 OK
r-release-linux-x86_64 1.2.0 OK
r-release-macos-arm64 1.2.0 NOTE
r-release-macos-x86_64 1.2.0 NOTE
r-release-windows-ix86+x86_64 1.2.0 134.00 150.00 284.00 NOTE
r-oldrel-macos-x86_64 1.2.0 NOTE
r-oldrel-windows-ix86+x86_64 1.2.0 134.00 151.00 285.00 NOTE

Check Details

Version: 1.2.0
Check: installed package size
Result: NOTE
     installed size is 13.1Mb
     sub-directories of 1Mb or more:
     libs 13.0Mb
Flavors: r-devel-linux-x86_64-fedora-clang, r-devel-windows-x86_64-new-UL, r-release-macos-arm64, r-release-macos-x86_64, r-release-windows-ix86+x86_64, r-oldrel-macos-x86_64, r-oldrel-windows-ix86+x86_64