CRAN Package Check Results for Package effectsize

Last updated on 2021-10-22 12:59:12 CEST.

Flavor Version Tinstall Tcheck Ttotal Status Flags
r-devel-linux-x86_64-debian-clang 0.5 7.79 291.34 299.13 OK
r-devel-linux-x86_64-debian-gcc 0.5 7.31 210.99 218.30 OK
r-devel-linux-x86_64-fedora-clang 0.5 376.21 OK
r-devel-linux-x86_64-fedora-gcc 0.5 354.74 OK
r-devel-windows-x86_64 0.5 20.00 326.00 346.00 OK
r-devel-windows-x86_64-gcc10-UCRT 0.5 NOTE
r-patched-linux-x86_64 0.5 8.71 297.12 305.83 OK
r-patched-solaris-x86 0.5 494.50 OK
r-release-linux-x86_64 0.5 7.84 301.86 309.70 OK
r-release-macos-arm64 0.5 OK
r-release-macos-x86_64 0.5 OK
r-release-windows-ix86+x86_64 0.5 17.00 351.00 368.00 OK
r-oldrel-macos-x86_64 0.5 OK
r-oldrel-windows-ix86+x86_64 0.5 25.00 335.00 360.00 OK

Check Details

Version: 0.5
Check: package dependencies
Result: NOTE
    Packages suggested but not available for checking: 'brms', 'rstanarm'
Flavor: r-devel-windows-x86_64-gcc10-UCRT