CRAN Package Check Results for Package eirm

Last updated on 2021-10-27 00:51:02 CEST.

Flavor Version Tinstall Tcheck Ttotal Status Flags
r-devel-linux-x86_64-debian-clang 0.4 9.84 129.47 139.31 OK
r-devel-linux-x86_64-debian-gcc 0.5 9.28 97.60 106.88 OK
r-devel-linux-x86_64-fedora-clang 0.5 188.86 NOTE
r-devel-linux-x86_64-fedora-gcc 0.5 154.11 OK
r-devel-windows-x86_64 0.4 18.00 176.00 194.00 OK
r-devel-windows-x86_64-gcc10-UCRT 0.4 OK
r-patched-linux-x86_64 0.5 11.92 127.57 139.49 OK
r-patched-solaris-x86 0.5 234.70 OK
r-release-linux-x86_64 0.4 11.63 124.68 136.31 OK
r-release-macos-arm64 0.4 OK
r-release-macos-x86_64 0.4 OK
r-release-windows-ix86+x86_64 0.4 20.00 167.00 187.00 OK
r-oldrel-macos-x86_64 0.4 OK
r-oldrel-windows-ix86+x86_64 0.4 30.00 172.00 202.00 OK

Check Details

Version: 0.5
Check: Rd cross-references
Result: NOTE
    Undeclared package ‘eRm’ in Rd xrefs
Flavor: r-devel-linux-x86_64-fedora-clang