CRAN Package Check Results for Package elaborator

Last updated on 2023-01-28 03:55:50 CET.

Flavor Version Tinstall Tcheck Ttotal Status Flags
r-devel-linux-x86_64-debian-clang 1.1 15.22 94.11 109.33 NOTE
r-devel-linux-x86_64-debian-gcc 1.1 14.14 69.16 83.30 NOTE
r-devel-linux-x86_64-fedora-clang 1.1 134.02 NOTE
r-devel-linux-x86_64-fedora-gcc 1.1 129.27 NOTE
r-devel-windows-x86_64 1.1 58.00 112.00 170.00 NOTE
r-patched-linux-x86_64 1.1 14.50 91.77 106.27 NOTE
r-release-linux-x86_64 1.1 11.91 90.86 102.77 NOTE
r-release-macos-arm64 1.1 31.00 NOTE
r-release-macos-x86_64 1.1 58.00 NOTE
r-release-windows-x86_64 1.1 52.00 125.00 177.00 NOTE
r-oldrel-macos-arm64 1.1 44.00 NOTE
r-oldrel-macos-x86_64 1.1 70.00 NOTE
r-oldrel-windows-ix86+x86_64 1.1 35.00 119.00 154.00 NOTE

Check Details

Version: 1.1
Check: LazyData
Result: NOTE
     'LazyData' is specified without a 'data' directory
Flavors: r-devel-linux-x86_64-debian-clang, r-devel-linux-x86_64-debian-gcc, r-devel-linux-x86_64-fedora-clang, r-devel-linux-x86_64-fedora-gcc, r-devel-windows-x86_64, r-patched-linux-x86_64, r-release-linux-x86_64, r-release-macos-arm64, r-release-macos-x86_64, r-release-windows-x86_64, r-oldrel-macos-arm64, r-oldrel-macos-x86_64, r-oldrel-windows-ix86+x86_64