Last updated on 2023-10-03 17:05:53 CEST.
Flavor | Version | Tinstall | Tcheck | Ttotal | Status | Flags |
---|---|---|---|---|---|---|
r-devel-linux-x86_64-debian-clang | 1.1 | 8.45 | 80.95 | 89.40 | NOTE | |
r-devel-linux-x86_64-debian-gcc | 1.1 | 7.03 | 63.04 | 70.07 | NOTE | |
r-devel-linux-x86_64-fedora-clang | 1.1 | 109.40 | NOTE | |||
r-devel-linux-x86_64-fedora-gcc | 1.1 | 113.36 | NOTE | |||
r-devel-windows-x86_64 | 1.1 | 8.00 | 74.00 | 82.00 | NOTE | |
r-patched-linux-x86_64 | 1.1 | 6.02 | 78.48 | 84.50 | NOTE | |
r-release-linux-x86_64 | 1.1 | 6.13 | 80.87 | 87.00 | NOTE | |
r-release-macos-arm64 | 1.1 | 33.00 | NOTE | |||
r-release-macos-x86_64 | 1.1 | 55.00 | NOTE | |||
r-release-windows-x86_64 | 1.1 | 10.00 | 86.00 | 96.00 | NOTE | |
r-oldrel-macos-arm64 | 1.1 | 31.00 | NOTE | |||
r-oldrel-macos-x86_64 | 1.1 | 44.00 | NOTE | |||
r-oldrel-windows-x86_64 | 1.1 | 12.00 | 92.00 | 104.00 | NOTE |
Version: 1.1
Check: LazyData
Result: NOTE
'LazyData' is specified without a 'data' directory
Flavors: r-devel-linux-x86_64-debian-clang, r-devel-linux-x86_64-debian-gcc, r-devel-linux-x86_64-fedora-clang, r-devel-linux-x86_64-fedora-gcc, r-devel-windows-x86_64, r-patched-linux-x86_64, r-release-linux-x86_64, r-release-macos-arm64, r-release-macos-x86_64, r-release-windows-x86_64, r-oldrel-macos-arm64, r-oldrel-macos-x86_64, r-oldrel-windows-x86_64