CRAN Package Check Results for Package elmNNRcpp

Last updated on 2024-04-18 21:56:49 CEST.

Flavor Version Tinstall Tcheck Ttotal Status Flags
r-devel-linux-x86_64-debian-clang 1.0.4 34.08 37.68 71.76 NOTE
r-devel-linux-x86_64-debian-gcc 1.0.4 27.45 29.70 57.15 NOTE
r-devel-linux-x86_64-fedora-clang 1.0.4 106.67 NOTE
r-devel-linux-x86_64-fedora-gcc 1.0.4 119.77 NOTE
r-prerel-macos-arm64 1.0.4 35.00 NOTE
r-prerel-windows-x86_64 1.0.4 33.00 71.00 104.00 NOTE
r-patched-linux-x86_64 1.0.4 37.55 36.76 74.31 NOTE
r-release-linux-x86_64 1.0.4 34.42 36.30 70.72 NOTE
r-release-macos-arm64 1.0.4 37.00 NOTE
r-release-macos-x86_64 1.0.4 59.00 NOTE
r-release-windows-x86_64 1.0.4 35.00 78.00 113.00 NOTE
r-oldrel-macos-arm64 1.0.4 36.00 OK
r-oldrel-windows-x86_64 1.0.4 37.00 79.00 116.00 OK

Check Details

Version: 1.0.4
Check: C++ specification
Result: NOTE Specified C++11: please drop specification unless essential Flavors: r-devel-linux-x86_64-debian-clang, r-devel-linux-x86_64-debian-gcc, r-devel-linux-x86_64-fedora-clang, r-devel-linux-x86_64-fedora-gcc, r-prerel-macos-arm64, r-prerel-windows-x86_64, r-patched-linux-x86_64, r-release-linux-x86_64, r-release-macos-arm64, r-release-macos-x86_64, r-release-windows-x86_64