CRAN Package Check Results for Package elmNNRcpp

Last updated on 2023-03-31 08:53:58 CEST.

Flavor Version Tinstall Tcheck Ttotal Status Flags
r-devel-linux-x86_64-debian-clang 1.0.4 37.30 37.03 74.33 NOTE
r-devel-linux-x86_64-debian-gcc 1.0.4 29.61 27.79 57.40 NOTE
r-devel-linux-x86_64-fedora-clang 1.0.4 105.63 NOTE
r-devel-linux-x86_64-fedora-gcc 1.0.4 109.21 NOTE
r-devel-windows-x86_64 1.0.4 43.00 88.00 131.00 NOTE
r-patched-linux-x86_64 1.0.4 33.23 34.59 67.82 NOTE
r-release-linux-x86_64 1.0.4 30.98 35.68 66.66 OK
r-release-macos-arm64 1.0.4 30.00 OK
r-release-macos-x86_64 1.0.4 41.00 OK
r-release-windows-x86_64 1.0.4 44.00 95.00 139.00 OK
r-oldrel-macos-arm64 1.0.4 25.00 OK
r-oldrel-macos-x86_64 1.0.4 41.00 OK
r-oldrel-windows-ix86+x86_64 1.0.4 93.00 95.00 188.00 OK

Check Details

Version: 1.0.4
Check: C++ specification
Result: NOTE
     Specified C++11: please drop specification unless essential
Flavors: r-devel-linux-x86_64-debian-clang, r-devel-linux-x86_64-debian-gcc, r-devel-linux-x86_64-fedora-clang, r-devel-linux-x86_64-fedora-gcc, r-devel-windows-x86_64, r-patched-linux-x86_64