Last updated on 2023-10-02 09:04:49 CEST.
Flavor | Version | Tinstall | Tcheck | Ttotal | Status | Flags |
---|---|---|---|---|---|---|
r-devel-linux-x86_64-debian-clang | 1.0.0 | 89.43 | 368.67 | 458.10 | NOTE | |
r-devel-linux-x86_64-debian-gcc | 1.0.0 | 63.38 | 610.77 | 674.15 | NOTE | |
r-devel-linux-x86_64-fedora-clang | 1.0.0 | 519.81 | NOTE | |||
r-devel-linux-x86_64-fedora-gcc | 1.0.0 | 661.97 | NOTE | |||
r-devel-windows-x86_64 | 1.0.0 | 70.00 | 273.00 | 343.00 | NOTE | |
r-patched-linux-x86_64 | 1.0.0 | 83.81 | 552.95 | 636.76 | NOTE | |
r-release-linux-x86_64 | 1.0.0 | 87.73 | 606.77 | 694.50 | NOTE | |
r-release-macos-arm64 | 1.0.0 | 132.00 | NOTE | |||
r-release-macos-x86_64 | 1.0.0 | 215.00 | NOTE | |||
r-release-windows-x86_64 | 1.0.0 | 90.00 | 279.00 | 369.00 | NOTE | |
r-oldrel-macos-arm64 | 1.0.0 | 99.00 | OK | |||
r-oldrel-macos-x86_64 | 1.0.0 | 147.00 | OK | |||
r-oldrel-windows-x86_64 | 1.0.0 | 86.00 | 273.00 | 359.00 | OK |
Version: 1.0.0
Check: C++ specification
Result: NOTE
Specified C++11: please drop specification unless essential
Flavors: r-devel-linux-x86_64-debian-clang, r-devel-linux-x86_64-debian-gcc, r-devel-linux-x86_64-fedora-clang, r-devel-linux-x86_64-fedora-gcc, r-devel-windows-x86_64, r-patched-linux-x86_64, r-release-linux-x86_64, r-release-macos-arm64, r-release-macos-x86_64, r-release-windows-x86_64