CRAN Package Check Results for Package em

Last updated on 2024-06-12 20:58:55 CEST.

Flavor Version Tinstall Tcheck Ttotal Status Flags
r-devel-linux-x86_64-debian-clang 1.0.0 96.47 236.96 333.43 NOTE
r-devel-linux-x86_64-debian-gcc 1.0.0 0.30 1.75 2.05 ERROR
r-devel-linux-x86_64-fedora-clang 1.0.0 539.34 NOTE
r-devel-linux-x86_64-fedora-gcc 1.0.0 595.42 NOTE
r-devel-windows-x86_64 1.0.0 72.00 273.00 345.00 NOTE
r-patched-linux-x86_64 1.0.0 75.87 664.50 740.37 NOTE
r-release-linux-x86_64 1.0.0 74.23 650.48 724.71 NOTE
r-release-macos-arm64 1.0.0 98.00 NOTE
r-release-macos-x86_64 1.0.0 169.00 NOTE
r-release-windows-x86_64 1.0.0 74.00 274.00 348.00 NOTE
r-oldrel-macos-arm64 1.0.0 132.00 NOTE
r-oldrel-macos-x86_64 1.0.0 215.00 NOTE
r-oldrel-windows-x86_64 1.0.0 87.00 281.00 368.00 NOTE

Check Details

Version: 1.0.0
Check: C++ specification
Result: NOTE Specified C++11: please drop specification unless essential Flavors: r-devel-linux-x86_64-debian-clang, r-devel-linux-x86_64-fedora-clang, r-devel-linux-x86_64-fedora-gcc, r-devel-windows-x86_64, r-patched-linux-x86_64, r-release-linux-x86_64, r-release-macos-arm64, r-release-macos-x86_64, r-release-windows-x86_64, r-oldrel-macos-arm64, r-oldrel-macos-x86_64, r-oldrel-windows-x86_64

Version: 1.0.0
Check: Rd files
Result: NOTE checkRd: (-1) em.Rd:25: Lost braces 25 | \code{terms} the code{terms} object used. | ^ checkRd: (-1) em.clogit.Rd:65: Lost braces 65 | \code{terms} the code{terms} object used. | ^ checkRd: (-1) em.default.Rd:65: Lost braces 65 | \code{terms} the code{terms} object used. | ^ checkRd: (-1) em.fitdist.Rd:49: Lost braces 49 | \code{terms} the code{terms} object used. | ^ checkRd: (-1) em.glmerMod.Rd:50: Lost braces 50 | \code{terms} the code{terms} object used. | ^ checkRd: (-1) em.panelmodel.Rd:49: Lost braces 49 | \code{terms} the code{terms} object used. | ^ Flavors: r-devel-linux-x86_64-debian-clang, r-devel-linux-x86_64-fedora-clang, r-devel-linux-x86_64-fedora-gcc, r-devel-windows-x86_64, r-patched-linux-x86_64, r-release-linux-x86_64, r-release-macos-arm64, r-release-macos-x86_64, r-release-windows-x86_64

Version: 1.0.0
Check: package dependencies
Result: ERROR Package required but not available: ‘dplyr’ Package suggested but not available for checking: ‘testthat’ See section ‘The DESCRIPTION file’ in the ‘Writing R Extensions’ manual. Flavor: r-devel-linux-x86_64-debian-gcc