Last updated on 2023-10-01 16:55:58 CEST.
Flavor | Version | Tinstall | Tcheck | Ttotal | Status | Flags |
---|---|---|---|---|---|---|
r-devel-linux-x86_64-debian-clang | 8.7 | 25.48 | 158.12 | 183.60 | OK | |
r-devel-linux-x86_64-debian-gcc | 8.7 | 19.85 | 116.54 | 136.39 | OK | |
r-devel-linux-x86_64-fedora-clang | 8.7 | 218.81 | NOTE | |||
r-devel-linux-x86_64-fedora-gcc | 8.7 | 231.00 | NOTE | |||
r-devel-windows-x86_64 | 8.7 | 24.00 | 147.00 | 171.00 | OK | |
r-patched-linux-x86_64 | 8.7 | 18.54 | 149.43 | 167.97 | OK | |
r-release-linux-x86_64 | 8.7 | 16.58 | 152.26 | 168.84 | OK | |
r-release-macos-arm64 | 8.7 | 101.00 | OK | |||
r-release-macos-x86_64 | 8.7 | 138.00 | NOTE | |||
r-release-windows-x86_64 | 8.7 | 30.00 | 176.00 | 206.00 | OK | |
r-oldrel-macos-arm64 | 8.7 | 108.00 | NOTE | |||
r-oldrel-macos-x86_64 | 8.7 | 137.00 | NOTE | |||
r-oldrel-windows-x86_64 | 8.7 | 29.00 | 160.00 | 189.00 | OK |
Version: 8.7
Check: data for non-ASCII characters
Result: NOTE
Note: found 155 marked UTF-8 strings
Flavors: r-devel-linux-x86_64-fedora-clang, r-devel-linux-x86_64-fedora-gcc, r-oldrel-macos-arm64, r-oldrel-macos-x86_64
Version: 8.7
Check: package dependencies
Result: NOTE
Package suggested but not available for checking: ‘car’
Flavor: r-release-macos-x86_64