CRAN Package Check Results for Package emdbook

Last updated on 2021-11-27 11:52:42 CET.

Flavor Version Tinstall Tcheck Ttotal Status Flags
r-devel-linux-x86_64-debian-clang 1.3.12 OK
r-devel-linux-x86_64-debian-gcc 1.3.12 8.20 67.25 75.45 OK
r-devel-linux-x86_64-fedora-clang 1.3.12 124.76 NOTE
r-devel-linux-x86_64-fedora-gcc 1.3.12 115.18 OK
r-devel-windows-x86_64-new-UL 1.3.12 21.00 134.00 155.00 OK
r-devel-windows-x86_64-new-TK 1.3.12 OK
r-devel-windows-x86_64-old 1.3.12 12.00 93.00 105.00 OK
r-patched-linux-x86_64 1.3.12 10.96 84.97 95.93 OK
r-patched-solaris-x86 1.3.12 161.20 OK
r-release-linux-x86_64 1.3.12 OK
r-release-macos-arm64 1.3.12 NOTE
r-release-macos-x86_64 1.3.12 OK
r-release-windows-ix86+x86_64 1.3.12 24.00 111.00 135.00 OK
r-oldrel-macos-x86_64 1.3.12 OK
r-oldrel-windows-ix86+x86_64 1.3.12 15.00 108.00 123.00 OK

Check Details

Version: 1.3.12
Check: Rd cross-references
Result: NOTE
    Undeclared package ‘mvtnorm’ in Rd xrefs
Flavor: r-devel-linux-x86_64-fedora-clang

Version: 1.3.12
Check: package dependencies
Result: NOTE
    Package suggested but not available for checking: ‘R2jags’
Flavor: r-release-macos-arm64