CRAN Package Check Results for Package emdi

Last updated on 2021-09-23 00:48:39 CEST.

Flavor Version Tinstall Tcheck Ttotal Status Flags
r-devel-linux-x86_64-debian-clang 2.1.0 32.63 254.57 287.20 NOTE
r-devel-linux-x86_64-debian-gcc 2.1.0 27.12 189.49 216.61 NOTE
r-devel-linux-x86_64-fedora-clang 2.1.0 365.09 NOTE
r-devel-linux-x86_64-fedora-gcc 2.1.0 359.57 NOTE
r-devel-windows-x86_64 2.1.0 33.00 188.00 221.00 OK
r-devel-windows-x86_64-gcc10-UCRT 2.1.0 ERROR
r-patched-linux-x86_64 2.1.0 38.53 242.50 281.03 NOTE
r-patched-solaris-x86 2.1.0 456.80 NOTE
r-release-linux-x86_64 2.1.0 30.01 243.90 273.91 NOTE
r-release-macos-arm64 2.1.0 NOTE
r-release-macos-x86_64 2.1.0 NOTE
r-release-windows-ix86+x86_64 2.1.0 64.00 201.00 265.00 OK
r-oldrel-macos-x86_64 2.1.0 NOTE
r-oldrel-windows-ix86+x86_64 2.1.0 45.00 198.00 243.00 OK

Check Details

Version: 2.1.0
Check: package dependencies
Result: NOTE
    Package suggested but not available for checking: 'simFrame'
Flavors: r-devel-linux-x86_64-debian-clang, r-devel-linux-x86_64-debian-gcc, r-devel-linux-x86_64-fedora-clang, r-devel-linux-x86_64-fedora-gcc, r-patched-linux-x86_64, r-patched-solaris-x86, r-release-linux-x86_64

Version: 2.1.0
Check: Rd cross-references
Result: NOTE
    Unknown package 'simFrame' in Rd xrefs
Flavors: r-devel-linux-x86_64-debian-clang, r-devel-linux-x86_64-debian-gcc, r-devel-linux-x86_64-fedora-clang, r-devel-linux-x86_64-fedora-gcc, r-patched-linux-x86_64, r-patched-solaris-x86, r-release-linux-x86_64

Version: 2.1.0
Check: data for non-ASCII characters
Result: NOTE
     Note: found 50 marked Latin-1 strings
Flavors: r-devel-linux-x86_64-fedora-clang, r-devel-linux-x86_64-fedora-gcc, r-patched-solaris-x86, r-release-macos-arm64, r-release-macos-x86_64, r-oldrel-macos-x86_64

Version: 2.1.0
Check: package dependencies
Result: ERROR
    Packages required but not available: 'readODS', 'saeRobust', 'spdep'
    
    Package suggested but not available for checking: 'simFrame'
    
    See section 'The DESCRIPTION file' in the 'Writing R Extensions'
    manual.
Flavor: r-devel-windows-x86_64-gcc10-UCRT