Last updated on 2023-02-04 19:58:06 CET.
Flavor | Version | Tinstall | Tcheck | Ttotal | Status | Flags |
---|---|---|---|---|---|---|
r-devel-linux-x86_64-debian-clang | 2.1.3 | 29.73 | 223.03 | 252.76 | OK | |
r-devel-linux-x86_64-debian-gcc | 2.1.3 | 24.74 | 163.81 | 188.55 | OK | |
r-devel-linux-x86_64-fedora-clang | 2.1.3 | 318.83 | NOTE | |||
r-devel-linux-x86_64-fedora-gcc | 2.1.3 | 311.06 | NOTE | |||
r-devel-windows-x86_64 | 2.1.3 | 81.00 | 235.00 | 316.00 | OK | |
r-patched-linux-x86_64 | 2.1.3 | 31.87 | 208.09 | 239.96 | OK | |
r-release-linux-x86_64 | 2.1.3 | 22.09 | 208.29 | 230.38 | OK | |
r-release-macos-arm64 | 2.1.3 | 74.00 | NOTE | |||
r-release-macos-x86_64 | 2.1.3 | 108.00 | NOTE | |||
r-release-windows-x86_64 | 2.1.3 | 84.00 | 239.00 | 323.00 | OK | |
r-oldrel-macos-arm64 | 2.1.2 | 111.00 | NOTE | |||
r-oldrel-macos-x86_64 | 2.1.2 | 171.00 | NOTE | |||
r-oldrel-windows-ix86+x86_64 | 2.1.2 | 57.00 | 214.00 | 271.00 | OK |
Version: 2.1.3
Check: data for non-ASCII characters
Result: NOTE
Note: found 50 marked Latin-1 strings
Flavors: r-devel-linux-x86_64-fedora-clang, r-devel-linux-x86_64-fedora-gcc, r-release-macos-arm64, r-release-macos-x86_64
Version: 2.1.2
Check: data for non-ASCII characters
Result: NOTE
Note: found 50 marked Latin-1 strings
Flavors: r-oldrel-macos-arm64, r-oldrel-macos-x86_64