CRAN Package Check Results for Package emld

Last updated on 2022-01-21 23:48:45 CET.

Flavor Version Tinstall Tcheck Ttotal Status Flags
r-devel-linux-x86_64-debian-clang 0.5.1 4.17 88.79 92.96 NOTE
r-devel-linux-x86_64-debian-gcc 0.5.1 4.21 66.26 70.47 NOTE
r-devel-linux-x86_64-fedora-clang 0.5.1 109.94 NOTE
r-devel-linux-x86_64-fedora-gcc 0.5.1 105.68 NOTE
r-devel-windows-x86_64-new-UL 0.5.1 272.00 154.00 426.00 NOTE
r-devel-windows-x86_64-new-TK 0.5.1 NOTE
r-patched-linux-x86_64 0.5.1 5.09 84.60 89.69 NOTE
r-release-linux-x86_64 0.5.1 4.92 83.86 88.78 NOTE
r-release-macos-arm64 0.5.1 NOTE
r-release-macos-x86_64 0.5.1 NOTE
r-release-windows-ix86+x86_64 0.5.1 15.00 129.00 144.00 NOTE
r-oldrel-macos-x86_64 0.5.1 OK
r-oldrel-windows-ix86+x86_64 0.5.1 13.00 128.00 141.00 OK

Check Details

Version: 0.5.1
Check: LazyData
Result: NOTE
     'LazyData' is specified without a 'data' directory
Flavors: r-devel-linux-x86_64-debian-clang, r-devel-linux-x86_64-debian-gcc, r-devel-linux-x86_64-fedora-clang, r-devel-linux-x86_64-fedora-gcc, r-devel-windows-x86_64-new-UL, r-devel-windows-x86_64-new-TK, r-patched-linux-x86_64, r-release-linux-x86_64, r-release-macos-arm64, r-release-macos-x86_64, r-release-windows-ix86+x86_64