CRAN Package Check Results for Package encryptr

Last updated on 2024-03-03 00:15:51 CET.

Flavor Version Tinstall Tcheck Ttotal Status Flags
r-devel-linux-x86_64-debian-clang 0.1.3 4.62 47.64 52.26 NOTE
r-devel-linux-x86_64-debian-gcc 0.1.3 3.94 36.22 40.16 NOTE
r-devel-linux-x86_64-fedora-clang 0.1.3 73.46 NOTE
r-devel-linux-x86_64-fedora-gcc 0.1.3 72.24 NOTE
r-devel-windows-x86_64 0.1.3 5.00 59.00 64.00 OK
r-patched-linux-x86_64 0.1.3 10.80 47.28 58.08 NOTE
r-release-linux-x86_64 0.1.3 3.84 47.87 51.71 NOTE
r-release-macos-arm64 0.1.3 25.00 OK
r-release-macos-x86_64 0.1.3 34.00 OK
r-release-windows-x86_64 0.1.3 7.00 64.00 71.00 OK
r-oldrel-macos-arm64 0.1.3 27.00 NOTE
r-oldrel-windows-x86_64 0.1.3 7.00 70.00 77.00 OK

Check Details

Version: 0.1.3
Check: for non-standard things in the check directory
Result: NOTE Found the following files/directories: ‘file.path(temp_dir, gp2.csv)’ Flavors: r-devel-linux-x86_64-debian-clang, r-devel-linux-x86_64-debian-gcc, r-devel-linux-x86_64-fedora-clang, r-devel-linux-x86_64-fedora-gcc, r-patched-linux-x86_64, r-release-linux-x86_64

Version: 0.1.3
Check: dependencies in R code
Result: NOTE Namespace in Imports field not imported from: ‘knitr’ All declared Imports should be used. Flavors: r-devel-linux-x86_64-fedora-clang, r-devel-linux-x86_64-fedora-gcc, r-oldrel-macos-arm64