CRAN Package Check Results for Package encryptr

Last updated on 2025-01-21 15:49:18 CET.

Flavor Version Tinstall Tcheck Ttotal Status Flags
r-devel-linux-x86_64-debian-clang 0.1.3 3.97 38.07 42.04 NOTE
r-devel-linux-x86_64-debian-gcc 0.1.3 2.41 27.09 29.50 NOTE
r-devel-linux-x86_64-fedora-clang 0.1.3 77.93 NOTE
r-devel-linux-x86_64-fedora-gcc 0.1.3 74.86 NOTE
r-devel-windows-x86_64 0.1.3 5.00 57.00 62.00 NOTE
r-patched-linux-x86_64 0.1.3 7.99 35.05 43.04 NOTE
r-release-linux-x86_64 0.1.3 3.85 35.44 39.29 NOTE
r-release-macos-arm64 0.1.3 25.00 OK
r-release-macos-x86_64 0.1.3 34.00 OK
r-release-windows-x86_64 0.1.3 5.00 57.00 62.00 OK
r-oldrel-macos-arm64 0.1.3 25.00 OK
r-oldrel-macos-x86_64 0.1.3 34.00 OK
r-oldrel-windows-x86_64 0.1.3 6.00 62.00 68.00 OK

Check Details

Version: 0.1.3
Check: Rd cross-references
Result: NOTE Found the following Rd file(s) with Rd \link{} targets missing package anchors: genkeys.Rd: openssl Please provide package anchors for all Rd \link{} targets not in the package itself and the base packages. Flavors: r-devel-linux-x86_64-debian-clang, r-devel-linux-x86_64-debian-gcc, r-devel-windows-x86_64

Version: 0.1.3
Check: for non-standard things in the check directory
Result: NOTE Found the following files/directories: ‘file.path(temp_dir, gp2.csv)’ Flavors: r-devel-linux-x86_64-debian-clang, r-devel-linux-x86_64-debian-gcc, r-devel-linux-x86_64-fedora-clang, r-devel-linux-x86_64-fedora-gcc, r-patched-linux-x86_64, r-release-linux-x86_64

Version: 0.1.3
Check: dependencies in R code
Result: NOTE Namespace in Imports field not imported from: ‘knitr’ All declared Imports should be used. Flavors: r-devel-linux-x86_64-fedora-clang, r-devel-linux-x86_64-fedora-gcc