Last updated on 2023-05-28 16:57:48 CEST.
Flavor | Version | Tinstall | Tcheck | Ttotal | Status | Flags |
---|---|---|---|---|---|---|
r-devel-linux-x86_64-debian-clang | 1.0-9 | 16.19 | 99.12 | 115.31 | OK | |
r-devel-linux-x86_64-debian-gcc | 1.0-9 | 13.34 | 72.39 | 85.73 | OK | |
r-devel-linux-x86_64-fedora-clang | 1.0-9 | 149.30 | OK | |||
r-devel-linux-x86_64-fedora-gcc | 1.0-9 | 140.38 | OK | |||
r-devel-windows-x86_64 | 1.0-9 | 15.00 | 102.00 | 117.00 | OK | |
r-patched-linux-x86_64 | 1.0-9 | 16.19 | 91.63 | 107.82 | OK | |
r-release-linux-x86_64 | 1.0-9 | 16.71 | 90.95 | 107.66 | OK | |
r-release-macos-arm64 | 1.0-9 | 44.00 | OK | |||
r-release-macos-x86_64 | 1.0-9 | 64.00 | NOTE | |||
r-release-windows-x86_64 | 1.0-9 | 19.00 | 116.00 | 135.00 | OK | |
r-oldrel-macos-arm64 | 1.0-9 | 46.00 | OK | |||
r-oldrel-macos-x86_64 | 1.0-9 | 64.00 | OK | |||
r-oldrel-windows-x86_64 | 1.0-9 | 23.00 | 110.00 | 133.00 | OK |
Version: 1.0-9
Check: package dependencies
Result: NOTE
Packages suggested but not available for checking:
'fields', 'lme4', 'rworldmap', 'statnet'
Flavor: r-release-macos-x86_64