CRAN Package Check Results for Package epo

Last updated on 2024-03-02 19:50:16 CET.

Flavor Version Tinstall Tcheck Ttotal Status Flags
r-devel-linux-x86_64-debian-clang 0.1.0 2.12 24.12 26.24 OK
r-devel-linux-x86_64-debian-gcc 0.1.0 1.63 18.58 20.21 OK
r-devel-linux-x86_64-fedora-clang 0.1.0 32.45 NOTE
r-devel-linux-x86_64-fedora-gcc 0.1.0 31.48 NOTE
r-devel-windows-x86_64 0.1.0 3.00 41.00 44.00 OK
r-patched-linux-x86_64 0.1.0 1.96 23.72 25.68 OK
r-release-linux-x86_64 0.1.0 2.23 23.51 25.74 OK
r-release-macos-arm64 0.1.0 18.00 OK
r-release-macos-x86_64 0.1.0 27.00 OK
r-release-windows-x86_64 0.1.0 4.00 40.00 44.00 OK
r-oldrel-macos-arm64 0.1.0 19.00 OK
r-oldrel-windows-x86_64 0.1.0 4.00 46.00 50.00 OK

Check Details

Version: 0.1.0
Check: dependencies in R code
Result: NOTE Namespace in Imports field not imported from: ‘xts’ All declared Imports should be used. Flavors: r-devel-linux-x86_64-fedora-clang, r-devel-linux-x86_64-fedora-gcc