Last updated on 2023-09-27 21:01:22 CEST.
Flavor | Version | Tinstall | Tcheck | Ttotal | Status | Flags |
---|---|---|---|---|---|---|
r-devel-linux-x86_64-debian-clang | 0.2.6-1.1 | 10.54 | 81.18 | 91.72 | OK | |
r-devel-linux-x86_64-debian-gcc | 0.2.6-1.1 | 6.45 | 61.17 | 67.62 | OK | |
r-devel-linux-x86_64-fedora-clang | 0.2.6-1.1 | 108.88 | OK | |||
r-devel-linux-x86_64-fedora-gcc | 0.2.6-1.1 | 110.11 | OK | |||
r-devel-windows-x86_64 | 0.2.6-1.1 | 8.00 | 75.00 | 83.00 | OK | |
r-patched-linux-x86_64 | 0.2.6-1.1 | 12.01 | 77.65 | 89.66 | OK | |
r-release-linux-x86_64 | 0.2.6-1.1 | 7.73 | 77.35 | 85.08 | OK | |
r-release-macos-arm64 | 0.2.6-1.1 | 35.00 | OK | |||
r-release-macos-x86_64 | 0.2.6-1.1 | 57.00 | NOTE | |||
r-release-windows-x86_64 | 0.2.6-1.1 | 10.00 | 88.00 | 98.00 | OK | |
r-oldrel-macos-arm64 | 0.2.6-1.1 | 35.00 | OK | |||
r-oldrel-macos-x86_64 | 0.2.6-1.1 | 45.00 | OK | |||
r-oldrel-windows-x86_64 | 0.2.6-1.1 | 12.00 | 91.00 | 103.00 | OK |
Version: 0.2.6-1.1
Check: package dependencies
Result: NOTE
Package suggested but not available for checking: ‘graph’
Flavor: r-release-macos-x86_64