Last updated on 2023-09-25 01:03:34 CEST.
Flavor | Version | Tinstall | Tcheck | Ttotal | Status | Flags |
---|---|---|---|---|---|---|
r-devel-linux-x86_64-debian-clang | 0.6.1 | 4.91 | 50.24 | 55.15 | OK | |
r-devel-linux-x86_64-debian-gcc | 0.6.1 | 3.63 | 37.74 | 41.37 | OK | |
r-devel-linux-x86_64-fedora-clang | 0.6.1 | 66.65 | NOTE | |||
r-devel-linux-x86_64-fedora-gcc | 0.6.1 | 77.37 | OK | |||
r-devel-windows-x86_64 | 0.6.1 | 6.00 | 68.00 | 74.00 | OK | |
r-patched-linux-x86_64 | 0.6.1 | 3.60 | 47.69 | 51.29 | OK | |
r-release-linux-x86_64 | 0.6.1 | 4.20 | 47.93 | 52.13 | OK | |
r-release-macos-arm64 | 0.6.1 | 30.00 | OK | |||
r-release-macos-x86_64 | 0.6.1 | 48.00 | NOTE | |||
r-release-windows-x86_64 | 0.6.1 | 6.00 | 68.00 | 74.00 | OK | |
r-oldrel-macos-arm64 | 0.6.1 | 24.00 | OK | |||
r-oldrel-macos-x86_64 | 0.6.1 | 35.00 | OK | |||
r-oldrel-windows-x86_64 | 0.6.1 | 7.00 | 77.00 | 84.00 | OK |
Version: 0.6.1
Check: Rd cross-references
Result: NOTE
Undeclared package ‘OpenMx’ in Rd xrefs
Flavor: r-devel-linux-x86_64-fedora-clang
Version: 0.6.1
Check: package dependencies
Result: NOTE
Package suggested but not available for checking: ‘semTools’
Flavor: r-release-macos-x86_64
Version: 0.6.1
Check: Rd cross-references
Result: NOTE
Packages unavailable to check Rd xrefs: ‘OpenMx’, ‘semTools’
Flavor: r-release-macos-x86_64