CRAN Package Check Results for Package equate

Last updated on 2021-12-01 03:55:27 CET.

Flavor Version Tinstall Tcheck Ttotal Status Flags
r-devel-linux-x86_64-debian-clang 2.0.7 6.80 96.48 103.28 NOTE
r-devel-linux-x86_64-debian-gcc 2.0.7 5.15 73.50 78.65 NOTE
r-devel-linux-x86_64-fedora-clang 2.0.7 132.69 NOTE
r-devel-linux-x86_64-fedora-gcc 2.0.7 120.48 NOTE
r-devel-windows-x86_64-new-UL 2.0.7 15.00 150.00 165.00 NOTE
r-devel-windows-x86_64-new-TK 2.0.7 NOTE
r-devel-windows-x86_64-old 2.0.7 9.00 90.00 99.00 NOTE
r-patched-linux-x86_64 2.0.7 5.57 90.20 95.77 NOTE
r-patched-solaris-x86 2.0.7 155.50 NOTE
r-release-linux-x86_64 2.0.7 5.09 90.90 95.99 NOTE
r-release-macos-arm64 2.0.7 NOTE
r-release-macos-x86_64 2.0.7 NOTE
r-release-windows-ix86+x86_64 2.0.7 11.00 92.00 103.00 NOTE
r-oldrel-macos-x86_64 2.0.7 NOTE
r-oldrel-windows-ix86+x86_64 2.0.7 10.00 85.00 95.00 NOTE

Check Details

Version: 2.0.7
Check: files in ‘vignettes’
Result: NOTE
    The following files contain a license that requires
    distribution of original sources:
     'upgreek.sty'
    Please ensure that you have complied with it.
Flavors: r-devel-linux-x86_64-debian-clang, r-devel-linux-x86_64-debian-gcc, r-devel-linux-x86_64-fedora-clang, r-devel-linux-x86_64-fedora-gcc, r-devel-windows-x86_64-new-UL, r-devel-windows-x86_64-new-TK, r-devel-windows-x86_64-old, r-patched-linux-x86_64, r-patched-solaris-x86, r-release-linux-x86_64, r-release-macos-arm64, r-release-macos-x86_64, r-release-windows-ix86+x86_64, r-oldrel-macos-x86_64, r-oldrel-windows-ix86+x86_64