CRAN Package Check Results for Package equivalence

Last updated on 2021-12-01 03:55:27 CET.

Flavor Version Tinstall Tcheck Ttotal Status Flags
r-devel-linux-x86_64-debian-clang 0.7.2 6.91 58.69 65.60 OK
r-devel-linux-x86_64-debian-gcc 0.7.2 5.23 49.91 55.14 OK
r-devel-linux-x86_64-fedora-clang 0.7.2 90.66 NOTE
r-devel-linux-x86_64-fedora-gcc 0.7.2 77.77 NOTE
r-devel-windows-x86_64-new-UL 0.7.2 22.00 100.00 122.00 OK
r-devel-windows-x86_64-new-TK 0.7.2 OK
r-devel-windows-x86_64-old 0.7.2 14.00 61.00 75.00 OK
r-patched-linux-x86_64 0.7.2 10.16 54.10 64.26 OK
r-patched-solaris-x86 0.7.2 108.20 OK
r-release-linux-x86_64 0.7.2 6.69 54.79 61.48 OK
r-release-macos-arm64 0.7.2 OK
r-release-macos-x86_64 0.7.2 OK
r-release-windows-ix86+x86_64 0.7.2 21.00 77.00 98.00 OK
r-oldrel-macos-x86_64 0.7.2 OK
r-oldrel-windows-ix86+x86_64 0.7.2 17.00 74.00 91.00 OK

Check Details

Version: 0.7.2
Check: compiled code
Result: NOTE
    File ‘equivalence/libs/equivalence.so’:
     Found no calls to: ‘R_registerRoutines’, ‘R_useDynamicSymbols’
    
    It is good practice to register native routines and to disable symbol
    search.
    
    See ‘Writing portable packages’ in the ‘Writing R Extensions’ manual.
Flavors: r-devel-linux-x86_64-fedora-clang, r-devel-linux-x86_64-fedora-gcc