CRAN Package Check Results for Package equivalence

Last updated on 2019-10-15 20:48:43 CEST.

Flavor Version Tinstall Tcheck Ttotal Status Flags
r-devel-linux-x86_64-debian-clang 0.7.2 6.69 44.93 51.62 OK
r-devel-linux-x86_64-debian-gcc 0.7.2 4.92 35.30 40.22 OK
r-devel-linux-x86_64-fedora-clang 0.7.2 60.85 NOTE
r-devel-linux-x86_64-fedora-gcc 0.7.2 59.11 NOTE
r-devel-windows-ix86+x86_64 0.7.2 22.00 119.00 141.00 OK
r-patched-linux-x86_64 0.7.2 4.94 43.13 48.07 OK
r-patched-solaris-x86 0.7.2 87.00 OK
r-release-linux-x86_64 0.7.2 4.67 43.69 48.36 OK
r-release-windows-ix86+x86_64 0.7.2 34.00 76.00 110.00 OK
r-release-osx-x86_64 0.7.2 OK
r-oldrel-windows-ix86+x86_64 0.7.2 14.00 74.00 88.00 OK
r-oldrel-osx-x86_64 0.7.2 OK

Check Details

Version: 0.7.2
Check: compiled code
Result: NOTE
    File ‘equivalence/libs/equivalence.so’:
     Found no calls to: ‘R_registerRoutines’, ‘R_useDynamicSymbols’
    
    It is good practice to register native routines and to disable symbol
    search.
    
    See ‘Writing portable packages’ in the ‘Writing R Extensions’ manual.
Flavors: r-devel-linux-x86_64-fedora-clang, r-devel-linux-x86_64-fedora-gcc