CRAN Package Check Results for Package equivalence

Last updated on 2019-06-15 20:46:33 CEST.

Flavor Version Tinstall Tcheck Ttotal Status Flags
r-devel-linux-x86_64-debian-clang 0.7.2 5.63 46.60 52.23 OK
r-devel-linux-x86_64-debian-gcc 0.7.2 4.68 35.92 40.60 OK
r-devel-linux-x86_64-fedora-clang 0.7.2 61.88 NOTE
r-devel-linux-x86_64-fedora-gcc 0.7.2 58.00 NOTE
r-devel-windows-ix86+x86_64 0.7.2 34.00 79.00 113.00 OK
r-patched-linux-x86_64 0.7.2 6.11 45.12 51.23 OK
r-patched-solaris-x86 0.7.2 90.20 OK
r-release-linux-x86_64 0.7.2 6.07 45.38 51.45 OK
r-release-windows-ix86+x86_64 0.7.2 19.00 113.00 132.00 OK
r-release-osx-x86_64 0.7.2 OK
r-oldrel-windows-ix86+x86_64 0.7.2 13.00 121.00 134.00 OK
r-oldrel-osx-x86_64 0.7.2 OK

Check Details

Version: 0.7.2
Check: compiled code
Result: NOTE
    File ‘equivalence/libs/equivalence.so’:
     Found no calls to: ‘R_registerRoutines’, ‘R_useDynamicSymbols’
    
    It is good practice to register native routines and to disable symbol
    search.
    
    See ‘Writing portable packages’ in the ‘Writing R Extensions’ manual.
Flavors: r-devel-linux-x86_64-fedora-clang, r-devel-linux-x86_64-fedora-gcc