CRAN Package Check Results for Package errorlocate

Last updated on 2021-09-19 04:52:58 CEST.

Flavor Version Tinstall Tcheck Ttotal Status Flags
r-devel-linux-x86_64-debian-clang 0.9.9 6.81 60.21 67.02 OK
r-devel-linux-x86_64-debian-gcc 0.9.9 6.61 45.66 52.27 OK
r-devel-linux-x86_64-fedora-clang 0.9.9 89.07 NOTE
r-devel-linux-x86_64-fedora-gcc 0.9.9 79.10 NOTE
r-devel-windows-x86_64 0.9.9 12.00 83.00 95.00 OK
r-devel-windows-x86_64-gcc10-UCRT 0.9.9 ERROR
r-patched-linux-x86_64 0.9.9 7.61 58.70 66.31 OK
r-patched-solaris-x86 0.9.9 113.10 NOTE
r-release-linux-x86_64 0.9.9 6.75 58.57 65.32 OK
r-release-macos-arm64 0.9.9 NOTE
r-release-macos-x86_64 0.9.9 NOTE
r-release-windows-ix86+x86_64 0.9.9 18.00 65.00 83.00 OK
r-oldrel-macos-x86_64 0.9.9 NOTE
r-oldrel-windows-ix86+x86_64 0.9.9 19.00 84.00 103.00 OK

Check Details

Version: 0.9.9
Check: dependencies in R code
Result: NOTE
    Namespace in Imports field not imported from: ‘parallel’
     All declared Imports should be used.
Flavors: r-devel-linux-x86_64-fedora-clang, r-devel-linux-x86_64-fedora-gcc, r-devel-windows-x86_64-gcc10-UCRT, r-patched-solaris-x86, r-release-macos-arm64, r-release-macos-x86_64, r-oldrel-macos-x86_64

Version: 0.9.9
Check: whether package can be installed
Result: WARN
    Found the following significant warnings:
     WARNING: installation-time patches will not be applied, could not get the patches index
Flavor: r-devel-windows-x86_64-gcc10-UCRT

Version: 0.9.9
Check: PDF version of manual
Result: WARN
    LaTeX errors when creating PDF version.
    This typically indicates Rd problems.
Flavor: r-devel-windows-x86_64-gcc10-UCRT

Version: 0.9.9
Check: PDF version of manual without hyperrefs or index
Result: ERROR
    Re-running with no redirection of stdout/stderr.
Flavor: r-devel-windows-x86_64-gcc10-UCRT