Last updated on 2023-03-23 07:54:25 CET.
Flavor | Version | Tinstall | Tcheck | Ttotal | Status | Flags |
---|---|---|---|---|---|---|
r-devel-linux-x86_64-debian-clang | 1.1.2 | 41.29 | 54.43 | 95.72 | NOTE | |
r-devel-linux-x86_64-debian-gcc | 1.1.2 | 29.42 | 42.39 | 71.81 | NOTE | |
r-devel-linux-x86_64-fedora-clang | 1.1.2 | 136.42 | NOTE | |||
r-devel-linux-x86_64-fedora-gcc | 1.1.2 | 117.33 | NOTE | |||
r-patched-linux-x86_64 | 1.1.2 | 34.53 | 53.43 | 87.96 | OK | |
r-release-linux-x86_64 | 1.1.2 | 34.06 | 54.63 | 88.69 | OK | |
r-release-macos-arm64 | 1.1.2 | 36.00 | OK | |||
r-release-macos-x86_64 | 1.1.2 | 46.00 | OK | |||
r-release-windows-x86_64 | 1.1.2 | 55.00 | 139.00 | 194.00 | OK | |
r-oldrel-macos-arm64 | 1.1.2 | 46.00 | OK | |||
r-oldrel-macos-x86_64 | 1.1.2 | 54.00 | OK | |||
r-oldrel-windows-ix86+x86_64 | 1.1.2 | 97.00 | 116.00 | 213.00 | OK |
Version: 1.1.2
Check: C++ specification
Result: NOTE
Specified C++11: please drop specification unless essential
Flavors: r-devel-linux-x86_64-debian-clang, r-devel-linux-x86_64-debian-gcc, r-devel-linux-x86_64-fedora-clang, r-devel-linux-x86_64-fedora-gcc