CRAN Package Check Results for Package estimability

Last updated on 2021-11-28 23:50:26 CET.

Flavor Version Tinstall Tcheck Ttotal Status Flags
r-devel-linux-x86_64-debian-clang 1.3 NOTE
r-devel-linux-x86_64-debian-gcc 1.3 1.37 17.33 18.70 NOTE
r-devel-linux-x86_64-fedora-clang 1.3 40.41 NOTE
r-devel-linux-x86_64-fedora-gcc 1.3 29.45 NOTE
r-devel-windows-x86_64-new-UL 1.3 5.00 58.00 63.00 NOTE
r-devel-windows-x86_64-new-TK 1.3 NOTE
r-devel-windows-x86_64-old 1.3 5.00 39.00 44.00 NOTE
r-patched-linux-x86_64 1.3 2.08 21.03 23.11 NOTE
r-patched-solaris-x86 1.3 47.20 NOTE
r-release-linux-x86_64 1.3 1.89 21.03 22.92 NOTE
r-release-macos-arm64 1.3 NOTE
r-release-macos-x86_64 1.3 NOTE
r-release-windows-ix86+x86_64 1.3 6.00 28.00 34.00 NOTE
r-oldrel-macos-x86_64 1.3 OK
r-oldrel-windows-ix86+x86_64 1.3 5.00 30.00 35.00 OK

Check Details

Version: 1.3
Check: LazyData
Result: NOTE
     'LazyData' is specified without a 'data' directory
Flavors: r-devel-linux-x86_64-debian-clang, r-devel-linux-x86_64-debian-gcc, r-devel-linux-x86_64-fedora-clang, r-devel-linux-x86_64-fedora-gcc, r-devel-windows-x86_64-new-UL, r-devel-windows-x86_64-new-TK, r-devel-windows-x86_64-old, r-patched-linux-x86_64, r-patched-solaris-x86, r-release-linux-x86_64, r-release-macos-arm64, r-release-macos-x86_64, r-release-windows-ix86+x86_64