Last updated on 2023-10-02 17:01:36 CEST.
Flavor | Version | Tinstall | Tcheck | Ttotal | Status | Flags |
---|---|---|---|---|---|---|
r-devel-linux-x86_64-debian-clang | 1.1-1 | 3.08 | 31.39 | 34.47 | NOTE | |
r-devel-linux-x86_64-debian-gcc | 1.1-1 | 2.39 | 23.46 | 25.85 | NOTE | |
r-devel-linux-x86_64-fedora-clang | 1.1-1 | 42.17 | NOTE | |||
r-devel-linux-x86_64-fedora-gcc | 1.1-1 | 54.65 | NOTE | |||
r-devel-windows-x86_64 | 1.1-1 | 3.00 | 47.00 | 50.00 | NOTE | |
r-patched-linux-x86_64 | 1.1-1 | 2.60 | 30.34 | 32.94 | OK | |
r-release-linux-x86_64 | 1.1-1 | 2.85 | 30.95 | 33.80 | OK | |
r-release-macos-arm64 | 1.1-1 | 23.00 | OK | |||
r-release-macos-x86_64 | 1.1-1 | 35.00 | OK | |||
r-release-windows-x86_64 | 1.1-1 | 6.00 | 48.00 | 54.00 | OK | |
r-oldrel-macos-arm64 | 1.1-1 | 19.00 | OK | |||
r-oldrel-macos-x86_64 | 1.1-1 | 25.00 | OK | |||
r-oldrel-windows-x86_64 | 1.1-1 | 5.00 | 53.00 | 58.00 | OK |
Version: 1.1-1
Check: package namespace information
Result: NOTE
Found export directive that requires package ‘methods’:
‘exportClasses’
Remove all such namespace directives (if obsolete) or ensure that the
DESCRIPTION Depends or Imports field contains ‘methods’.
Flavors: r-devel-linux-x86_64-debian-clang, r-devel-linux-x86_64-debian-gcc, r-devel-linux-x86_64-fedora-clang, r-devel-linux-x86_64-fedora-gcc, r-devel-windows-x86_64