CRAN Package Check Results for Package eulerr

Last updated on 2023-05-31 16:56:50 CEST.

Flavor Version Tinstall Tcheck Ttotal Status Flags
r-devel-linux-x86_64-debian-clang 7.0.0 146.28 96.50 242.78 NOTE
r-devel-linux-x86_64-debian-gcc 7.0.0 113.75 71.71 185.46 NOTE
r-devel-linux-x86_64-fedora-clang 7.0.0 372.11 NOTE
r-devel-linux-x86_64-fedora-gcc 7.0.0 358.67 NOTE
r-devel-windows-x86_64 7.0.0 113.00 118.00 231.00 NOTE
r-patched-linux-x86_64 7.0.0 NOTE
r-release-linux-x86_64 7.0.0 121.30 90.86 212.16 NOTE
r-release-macos-arm64 7.0.0 100.00 NOTE
r-release-macos-x86_64 7.0.0 157.00 NOTE
r-release-windows-x86_64 7.0.0 155.00 136.00 291.00 NOTE
r-oldrel-macos-arm64 7.0.0 92.00 NOTE
r-oldrel-macos-x86_64 7.0.0 103.00 NOTE
r-oldrel-windows-x86_64 7.0.0 148.00 134.00 282.00 OK

Check Details

Version: 7.0.0
Check: C++ specification
Result: NOTE
     Specified C++14: please drop specification unless essential
Flavors: r-devel-linux-x86_64-debian-clang, r-devel-linux-x86_64-debian-gcc, r-devel-linux-x86_64-fedora-clang, r-devel-linux-x86_64-fedora-gcc, r-devel-windows-x86_64, r-patched-linux-x86_64, r-release-linux-x86_64, r-release-macos-arm64, r-release-macos-x86_64, r-release-windows-x86_64

Version: 7.0.0
Check: installed package size
Result: NOTE
     installed size is 5.9Mb
     sub-directories of 1Mb or more:
     doc 1.3Mb
     libs 3.8Mb
Flavors: r-release-macos-arm64, r-release-macos-x86_64, r-oldrel-macos-arm64, r-oldrel-macos-x86_64