CRAN Package Check Results for Package evclust

Last updated on 2021-09-19 04:52:58 CEST.

Flavor Version Tinstall Tcheck Ttotal Status Flags
r-devel-linux-x86_64-debian-clang 2.0.2 13.64 741.73 755.37 OK
r-devel-linux-x86_64-debian-gcc 2.0.2 11.06 550.94 562.00 OK
r-devel-linux-x86_64-fedora-clang 2.0.2 876.04 OK
r-devel-linux-x86_64-fedora-gcc 2.0.2 877.03 OK
r-devel-windows-x86_64 2.0.2 14.00 868.00 882.00 OK
r-devel-windows-x86_64-gcc10-UCRT 2.0.2 ERROR
r-patched-linux-x86_64 2.0.2 13.57 714.35 727.92 OK
r-patched-solaris-x86 2.0.2 1772.20 OK
r-release-linux-x86_64 2.0.2 10.75 710.66 721.41 OK
r-release-macos-arm64 2.0.2 OK
r-release-macos-x86_64 2.0.2 OK
r-release-windows-ix86+x86_64 2.0.2 27.00 626.00 653.00 OK
r-oldrel-macos-x86_64 2.0.2 OK
r-oldrel-windows-ix86+x86_64 2.0.2 25.00 638.00 663.00 OK

Check Details

Version: 2.0.2
Check: whether package can be installed
Result: WARN
    Found the following significant warnings:
     WARNING: installation-time patches will not be applied, could not get the patches index
Flavor: r-devel-windows-x86_64-gcc10-UCRT

Version: 2.0.2
Check: PDF version of manual
Result: WARN
    LaTeX errors when creating PDF version.
    This typically indicates Rd problems.
Flavor: r-devel-windows-x86_64-gcc10-UCRT

Version: 2.0.2
Check: PDF version of manual without hyperrefs or index
Result: ERROR
    Re-running with no redirection of stdout/stderr.
Flavor: r-devel-windows-x86_64-gcc10-UCRT