Last updated on 2023-11-29 04:00:57 CET.
Flavor | Version | Tinstall | Tcheck | Ttotal | Status | Flags |
---|---|---|---|---|---|---|
r-devel-linux-x86_64-debian-clang | 1.6.8 | 9.22 | 109.06 | 118.28 | NOTE | |
r-devel-linux-x86_64-debian-gcc | 1.6.8 | 6.85 | 82.87 | 89.72 | NOTE | |
r-devel-linux-x86_64-fedora-clang | 1.6.8 | 147.33 | NOTE | |||
r-devel-linux-x86_64-fedora-gcc | 1.6.8 | 156.36 | NOTE | |||
r-devel-windows-x86_64 | 1.6.8 | 9.00 | 146.00 | 155.00 | NOTE | |
r-patched-linux-x86_64 | 1.6.8 | 15.34 | 106.31 | 121.65 | OK | |
r-release-linux-x86_64 | 1.6.8 | 6.18 | 107.48 | 113.66 | OK | |
r-release-macos-arm64 | 1.6.8 | 59.00 | OK | |||
r-release-macos-x86_64 | 1.6.8 | 97.00 | OK | |||
r-release-windows-x86_64 | 1.6.8 | 11.00 | 145.00 | 156.00 | OK | |
r-oldrel-macos-arm64 | 1.6.8 | 40.00 | OK | |||
r-oldrel-macos-x86_64 | 1.6.8 | 69.00 | OK | |||
r-oldrel-windows-x86_64 | 1.6.8 | 12.00 | 153.00 | 165.00 | OK |
Version: 1.6.8
Check: Rd \usage sections
Result: NOTE
Documented arguments not in \usage in Rd file 'borrOrderingInternal.Rd':
‘n.cntrl’
Functions with \usage entries need to have the appropriate \alias
entries, and all their arguments documented.
The \usage entries must correspond to syntactically valid R code.
See chapter ‘Writing R documentation files’ in the ‘Writing R
Extensions’ manual.
Flavors: r-devel-linux-x86_64-debian-clang, r-devel-linux-x86_64-debian-gcc, r-devel-linux-x86_64-fedora-clang, r-devel-linux-x86_64-fedora-gcc, r-devel-windows-x86_64