Last updated on 2023-05-28 16:57:49 CEST.
Flavor | Version | Tinstall | Tcheck | Ttotal | Status | Flags |
---|---|---|---|---|---|---|
r-devel-linux-x86_64-debian-clang | 0.52 | 55.36 | 222.46 | 277.82 | OK | |
r-devel-linux-x86_64-debian-gcc | 0.52 | 49.86 | 166.91 | 216.77 | OK | |
r-devel-linux-x86_64-fedora-clang | 0.52 | 358.85 | NOTE | |||
r-devel-linux-x86_64-fedora-gcc | 0.52 | 358.62 | OK | |||
r-devel-windows-x86_64 | 0.52 | 48.00 | 212.00 | 260.00 | OK | |
r-patched-linux-x86_64 | 0.52 | 55.96 | 209.36 | 265.32 | OK | |
r-release-linux-x86_64 | 0.52 | 51.43 | 210.54 | 261.97 | OK | |
r-release-macos-arm64 | 0.52 | 108.00 | NOTE | |||
r-release-macos-x86_64 | 0.52 | 182.00 | NOTE | |||
r-release-windows-x86_64 | 0.52 | 64.00 | 262.00 | 326.00 | OK | |
r-oldrel-macos-arm64 | 0.52 | 91.00 | NOTE | |||
r-oldrel-macos-x86_64 | 0.52 | 181.00 | NOTE | |||
r-oldrel-windows-x86_64 | 0.52 | 61.00 | 259.00 | 320.00 | OK |
Version: 0.52
Check: Rd cross-references
Result: NOTE
Undeclared package ‘quantreg’ in Rd xrefs
Flavor: r-devel-linux-x86_64-fedora-clang
Version: 0.52
Check: installed package size
Result: NOTE
installed size is 9.6Mb
sub-directories of 1Mb or more:
libs 8.1Mb
Flavors: r-release-macos-arm64, r-release-macos-x86_64, r-oldrel-macos-arm64, r-oldrel-macos-x86_64