CRAN Package Check Results for Package expectreg

Last updated on 2025-01-18 20:48:21 CET.

Flavor Version Tinstall Tcheck Ttotal Status Flags
r-devel-linux-x86_64-debian-clang 0.53 47.29 143.72 191.01 NOTE
r-devel-linux-x86_64-debian-gcc 0.53 33.93 100.53 134.46 NOTE
r-devel-linux-x86_64-fedora-clang 0.53 308.25 OK
r-devel-linux-x86_64-fedora-gcc 0.53 314.59 OK
r-devel-windows-x86_64 0.53 44.00 162.00 206.00 NOTE
r-patched-linux-x86_64 0.53 45.93 135.32 181.25 OK
r-release-linux-x86_64 0.53 42.21 137.64 179.85 OK
r-release-macos-arm64 0.53 80.00 NOTE
r-release-macos-x86_64 0.53 126.00 NOTE
r-release-windows-x86_64 0.53 45.00 163.00 208.00 OK
r-oldrel-macos-arm64 0.53 100.00 NOTE
r-oldrel-macos-x86_64 0.53 185.00 NOTE
r-oldrel-windows-x86_64 0.53 51.00 203.00 254.00 OK

Check Details

Version: 0.53
Check: Rd cross-references
Result: NOTE Found the following Rd file(s) with Rd \link{} targets missing package anchors: expectreg-package.Rd: BayesX-package, mboost-package india.bnd.Rd: BayesX-package northger.bnd.Rd: BayesX-package Please provide package anchors for all Rd \link{} targets not in the package itself and the base packages. Flavors: r-devel-linux-x86_64-debian-clang, r-devel-linux-x86_64-debian-gcc, r-devel-windows-x86_64

Version: 0.53
Check: installed package size
Result: NOTE installed size is 10.6Mb sub-directories of 1Mb or more: libs 9.2Mb Flavors: r-release-macos-arm64, r-release-macos-x86_64, r-oldrel-macos-arm64, r-oldrel-macos-x86_64