CRAN Package Check Results for Package extdplyr

Last updated on 2022-01-18 07:52:24 CET.

Flavor Version Tinstall Tcheck Ttotal Status Flags
r-devel-linux-x86_64-debian-clang 0.1.5 4.03 51.90 55.93 NOTE
r-devel-linux-x86_64-debian-gcc 0.1.5 3.20 39.60 42.80 NOTE
r-devel-linux-x86_64-fedora-clang 0.1.5 67.63 NOTE
r-devel-linux-x86_64-fedora-gcc 0.1.5 56.80 NOTE
r-devel-windows-x86_64-new-UL 0.1.5 27.00 69.00 96.00 NOTE
r-devel-windows-x86_64-new-TK 0.1.5 NOTE
r-patched-linux-x86_64 0.1.5 3.78 49.15 52.93 NOTE
r-release-linux-x86_64 0.1.5 NOTE
r-release-macos-arm64 0.1.5 NOTE
r-release-macos-x86_64 0.1.5 NOTE
r-release-windows-ix86+x86_64 0.1.5 12.00 60.00 72.00 NOTE
r-oldrel-macos-x86_64 0.1.5 OK
r-oldrel-windows-ix86+x86_64 0.1.5 11.00 62.00 73.00 OK

Check Details

Version: 0.1.5
Check: LazyData
Result: NOTE
     'LazyData' is specified without a 'data' directory
Flavors: r-devel-linux-x86_64-debian-clang, r-devel-linux-x86_64-debian-gcc, r-devel-linux-x86_64-fedora-clang, r-devel-linux-x86_64-fedora-gcc, r-devel-windows-x86_64-new-UL, r-devel-windows-x86_64-new-TK, r-patched-linux-x86_64, r-release-linux-x86_64, r-release-macos-arm64, r-release-macos-x86_64, r-release-windows-ix86+x86_64