CRAN Package Check Results for Package extendedFamily

Last updated on 2021-12-04 11:52:35 CET.

Flavor Version Tinstall Tcheck Ttotal Status Flags
r-devel-linux-x86_64-debian-clang 0.2.1 2.15 30.59 32.74 OK
r-devel-linux-x86_64-debian-gcc 0.2.1 1.23 24.70 25.93 OK
r-devel-linux-x86_64-fedora-clang 0.2.1 41.19 NOTE
r-devel-linux-x86_64-fedora-gcc 0.2.1 30.11 NOTE
r-devel-windows-x86_64-new-UL 0.2.1 6.00 57.00 63.00 OK
r-devel-windows-x86_64-new-TK 0.2.1 NOTE
r-devel-windows-x86_64-old 0.2.1 4.00 29.00 33.00 OK
r-patched-linux-x86_64 0.2.1 2.04 21.73 23.77 OK
r-release-linux-x86_64 0.2.1 1.94 21.36 23.30 OK
r-release-macos-arm64 0.2.1 NOTE
r-release-macos-x86_64 0.2.1 NOTE
r-release-windows-ix86+x86_64 0.2.1 5.00 40.00 45.00 OK
r-oldrel-macos-x86_64 0.2.1 NOTE
r-oldrel-windows-ix86+x86_64 0.2.1 6.00 39.00 45.00 OK

Check Details

Version: 0.2.1
Check: dependencies in R code
Result: NOTE
    Namespace in Imports field not imported from: ‘numDeriv’
     All declared Imports should be used.
Flavors: r-devel-linux-x86_64-fedora-clang, r-devel-linux-x86_64-fedora-gcc, r-devel-windows-x86_64-new-TK, r-release-macos-arm64, r-release-macos-x86_64, r-oldrel-macos-x86_64